CRAN Package Check Results for Package ROI.plugin.clp

Last updated on 2019-09-23 15:47:15 CEST.

Flavor Version Tinstall Tcheck Ttotal Status Flags
r-devel-linux-x86_64-debian-clang 0.4 6.05 85.84 91.89 OK
r-devel-linux-x86_64-debian-gcc 0.4 5.75 61.64 67.39 OK
r-devel-linux-x86_64-fedora-clang 0.4 98.03 OK
r-devel-linux-x86_64-fedora-gcc 0.4 96.62 OK
r-devel-windows-ix86+x86_64 0.4 19.00 66.00 85.00 OK
r-patched-linux-x86_64 0.4 5.48 79.88 85.36 OK
r-patched-solaris-x86 0.4 87.70 OK
r-release-linux-x86_64 0.4 6.13 80.65 86.78 OK
r-release-windows-ix86+x86_64 0.4 17.00 64.00 81.00 OK
r-release-osx-x86_64 0.4 ERROR
r-oldrel-windows-ix86+x86_64 0.4 6.00 49.00 55.00 OK
r-oldrel-osx-x86_64 0.4 ERROR

Check Details

Version: 0.4
Check: package dependencies
Result: ERROR
    Package required but not available: ‘clpAPI’
    
    See section ‘The DESCRIPTION file’ in the ‘Writing R Extensions’
    manual.
Flavors: r-release-osx-x86_64, r-oldrel-osx-x86_64