CRAN Package Check Results for Package ROI.plugin.clp

Last updated on 2020-07-09 21:48:40 CEST.

Flavor Version Tinstall Tcheck Ttotal Status Flags
r-devel-linux-x86_64-debian-clang 0.4 7.69 48.38 56.07 OK
r-devel-linux-x86_64-debian-gcc 0.4 6.37 37.62 43.99 OK
r-devel-linux-x86_64-fedora-clang 0.4 74.02 OK
r-devel-linux-x86_64-fedora-gcc 0.4 107.02 OK
r-devel-windows-ix86+x86_64 0.4 16.00 72.00 88.00 OK
r-patched-linux-x86_64 0.4 7.01 47.35 54.36 OK
r-patched-solaris-x86 0.4 97.70 OK
r-release-linux-x86_64 0.4 7.06 47.77 54.83 OK
r-release-osx-x86_64 0.4 ERROR
r-release-windows-ix86+x86_64 0.4 17.00 70.00 87.00 OK
r-oldrel-osx-x86_64 0.4 ERROR
r-oldrel-windows-ix86+x86_64 0.4 17.00 50.00 67.00 OK

Check Details

Version: 0.4
Check: package dependencies
Result: ERROR
    Package required but not available: ‘clpAPI’
    
    See section ‘The DESCRIPTION file’ in the ‘Writing R Extensions’
    manual.
Flavors: r-release-osx-x86_64, r-oldrel-osx-x86_64