CRAN Package Check Results for Package ROOPSD

Last updated on 2022-08-14 00:54:31 CEST.

Flavor Version Tinstall Tcheck Ttotal Status Flags
r-devel-linux-x86_64-debian-clang 0.2.5 12.00 35.41 47.41 NOTE
r-devel-linux-x86_64-debian-gcc 0.2.5 9.50 27.20 36.70 NOTE
r-devel-linux-x86_64-fedora-clang 0.2.5 65.58 NOTE
r-devel-linux-x86_64-fedora-gcc 0.2.5 64.22 NOTE
r-devel-windows-x86_64 0.2.5 23.00 59.00 82.00 NOTE
r-patched-linux-x86_64 0.2.5 8.76 32.57 41.33 NOTE
r-release-linux-x86_64 0.2.5 8.82 32.76 41.58 NOTE
r-release-macos-arm64 0.2.5 21.00 NOTE
r-release-macos-x86_64 0.2.5 29.00 NOTE
r-release-windows-x86_64 0.2.5 15.00 60.00 75.00 NOTE
r-oldrel-macos-arm64 0.2.5 24.00 NOTE
r-oldrel-macos-x86_64 0.2.5 34.00 NOTE
r-oldrel-windows-ix86+x86_64 0.2.5 20.00 53.00 73.00 NOTE

Check Details

Version: 0.2.5
Check: LazyData
Result: NOTE
     'LazyData' is specified without a 'data' directory
Flavors: r-devel-linux-x86_64-debian-clang, r-devel-linux-x86_64-debian-gcc, r-devel-linux-x86_64-fedora-clang, r-devel-linux-x86_64-fedora-gcc, r-devel-windows-x86_64, r-patched-linux-x86_64, r-release-linux-x86_64, r-release-macos-arm64, r-release-macos-x86_64, r-release-windows-x86_64, r-oldrel-macos-arm64, r-oldrel-macos-x86_64, r-oldrel-windows-ix86+x86_64

Version: 0.2.5
Check: HTML version of manual
Result: NOTE
    Found the following HTML validation problems:
    Exponential.html:73:6: Warning: missing </span> before <p>
    Exponential.html:73:90: Warning: inserting implicit <span>
    Exponential.html:76:6: Warning: missing </span> before <p>
    Exponential.html:76:94: Warning: inserting implicit <span>
    Exponential.html:79:6: Warning: missing </span> before <p>
    Exponential.html:79:90: Warning: inserting implicit <span>
    Exponential.html:82:6: Warning: missing </span> before <p>
    Exponential.html:82:91: Warning: inserting implicit <span>
    Exponential.html:85:6: Warning: missing </span> before <p>
    Exponential.html:85:90: Warning: inserting implicit <span>
    Exponential.html:88:6: Warning: missing </span> before <p>
    Exponential.html:88:97: Warning: inserting implicit <span>
    Exponential.html:91:6: Warning: missing </span> before <p>
    Exponential.html:91:90: Warning: inserting implicit <span>
    Exponential.html:94:6: Warning: missing </span> before <p>
    Exponential.html:94:89: Warning: inserting implicit <span>
    Exponential.html:73:6: Warning: trimming empty <span>
    Exponential.html:76:6: Warning: trimming empty <span>
    Exponential.html:79:6: Warning: trimming empty <span>
    Exponential.html:82:6: Warning: trimming empty <span>
    Exponential.html:85:6: Warning: trimming empty <span>
    Exponential.html:88:6: Warning: trimming empty <span>
    Exponential.html:91:6: Warning: trimming empty <span>
    Exponential.html:94:6: Warning: trimming empty <span>
    GEV.html:77:6: Warning: missing </span> before <p>
    GEV.html:77:90: Warning: inserting implicit <span>
    GEV.html:80:6: Warning: missing </span> before <p>
    GEV.html:80:94: Warning: inserting implicit <span>
    GEV.html:83:6: Warning: missing </span> before <p>
    GEV.html:83:90: Warning: inserting implicit <span>
    GEV.html:86:6: Warning: missing </span> before <p>
    GEV.html:86:91: Warning: inserting implicit <span>
    GEV.html:89:6: Warning: missing </span> before <p>
    GEV.html:89:90: Warning: inserting implicit <span>
    GEV.html:92:6: Warning: missing </span> before <p>
    GEV.html:92:97: Warning: inserting implicit <span>
    GEV.html:95:6: Warning: missing </span> before <p>
    GEV.html:95:90: Warning: inserting implicit <span>
    GEV.html:98:6: Warning: missing </span> before <p>
    GEV.html:98:89: Warning: inserting implicit <span>
    GEV.html:77:6: Warning: trimming empty <span>
    GEV.html:80:6: Warning: trimming empty <span>
    GEV.html:83:6: Warning: trimming empty <span>
    GEV.html:86:6: Warning: trimming empty <span>
    GEV.html:89:6: Warning: trimming empty <span>
    GEV.html:92:6: Warning: trimming empty <span>
    GEV.html:95:6: Warning: trimming empty <span>
    GEV.html:98:6: Warning: trimming empty <span>
    GPD.html:80:6: Warning: missing </span> before <p>
    GPD.html:80:90: Warning: inserting implicit <span>
    GPD.html:83:6: Warning: missing </span> before <p>
    GPD.html:83:94: Warning: inserting implicit <span>
    GPD.html:86:6: Warning: missing </span> before <p>
    GPD.html:86:91: Warning: inserting implicit <span>
    GPD.html:89:6: Warning: missing </span> before <p>
    GPD.html:89:90: Warning: inserting implicit <span>
    GPD.html:92:6: Warning: missing </span> before <p>
    GPD.html:92:97: Warning: inserting implicit <span>
    GPD.html:95:6: Warning: missing </span> before <p>
    GPD.html:95:90: Warning: inserting implicit <span>
    GPD.html:98:6: Warning: missing </span> before <p>
    GPD.html:98:89: Warning: inserting implicit <span>
    GPD.html:80:6: Warning: trimming empty <span>
    GPD.html:83:6: Warning: trimming empty <span>
    GPD.html:86:6: Warning: trimming empty <span>
    GPD.html:89:6: Warning: trimming empty <span>
    GPD.html:92:6: Warning: trimming empty <span>
    GPD.html:95:6: Warning: trimming empty <span>
    GPD.html:98:6: Warning: trimming empty <span>
    Gamma.html:75:6: Warning: missing </span> before <p>
    Gamma.html:75:90: Warning: inserting implicit <span>
    Gamma.html:78:6: Warning: missing </span> before <p>
    Gamma.html:78:94: Warning: inserting implicit <span>
    Gamma.html:81:6: Warning: missing </span> before <p>
    Gamma.html:81:90: Warning: inserting implicit <span>
    Gamma.html:84:6: Warning: missing </span> before <p>
    Gamma.html:84:91: Warning: inserting implicit <span>
    Gamma.html:87:6: Warning: missing </span> before <p>
    Gamma.html:87:90: Warning: inserting implicit <span>
    Gamma.html:90:6: Warning: missing </span> before <p>
    Gamma.html:90:97: Warning: inserting implicit <span>
    Gamma.html:93:6: Warning: missing </span> before <p>
    Gamma.html:93:90: Warning: inserting implicit <span>
    Gamma.html:96:6: Warning: missing </span> before <p>
    Gamma.html:96:89: Warning: inserting implicit <span>
    Gamma.html:75:6: Warning: trimming empty <span>
    Gamma.html:78:6: Warning: trimming empty <span>
    Gamma.html:81:6: Warning: trimming empty <span>
    Gamma.html:84:6: Warning: trimming empty <span>
    Gamma.html:87:6: Warning: trimming empty <span>
    Gamma.html:90:6: Warning: trimming empty <span>
    Gamma.html:93:6: Warning: trimming empty <span>
    Gamma.html:96:6: Warning: trimming empty <span>
    Normal.html:75:6: Warning: missing </span> before <p>
    Normal.html:75:90: Warning: inserting implicit <span>
    Normal.html:78:6: Warning: missing </span> before <p>
    Normal.html:78:94: Warning: inserting implicit <span>
    Normal.html:81:6: Warning: missing </span> before <p>
    Normal.html:81:90: Warning: inserting implicit <span>
    Normal.html:84:6: Warning: missing </span> before <p>
    Normal.html:84:91: Warning: inserting implicit <span>
    Normal.html:87:6: Warning: missing </span> before <p>
    Normal.html:87:90: Warning: inserting implicit <span>
    Normal.html:90:6: Warning: missing </span> before <p>
    Normal.html:90:97: Warning: inserting implicit <span>
    Normal.html:93:6: Warning: missing </span> before <p>
    Normal.html:93:90: Warning: inserting implicit <span>
    Normal.html:96:6: Warning: missing </span> before <p>
    Normal.html:96:89: Warning: inserting implicit <span>
    Normal.html:75:6: Warning: trimming empty <span>
    Normal.html:78:6: Warning: trimming empty <span>
    Normal.html:81:6: Warning: trimming empty <span>
    Normal.html:84:6: Warning: trimming empty <span>
    Normal.html:87:6: Warning: trimming empty <span>
    Normal.html:90:6: Warning: trimming empty <span>
    Normal.html:93:6: Warning: trimming empty <span>
    Normal.html:96:6: Warning: trimming empty <span>
    Uniform.html:75:6: Warning: missing </span> before <p>
    Uniform.html:75:90: Warning: inserting implicit <span>
    Uniform.html:78:6: Warning: missing </span> before <p>
    Uniform.html:78:94: Warning: inserting implicit <span>
    Uniform.html:81:6: Warning: missing </span> before <p>
    Uniform.html:81:90: Warning: inserting implicit <span>
    Uniform.html:84:6: Warning: missing </span> before <p>
    Uniform.html:84:91: Warning: inserting implicit <span>
    Uniform.html:87:6: Warning: missing </span> before <p>
    Uniform.html:87:90: Warning: inserting implicit <span>
    Uniform.html:90:6: Warning: missing </span> before <p>
    Uniform.html:90:97: Warning: inserting implicit <span>
    Uniform.html:93:6: Warning: missing </span> before <p>
    Uniform.html:93:90: Warning: inserting implicit <span>
    Uniform.html:96:6: Warning: missing </span> before <p>
    Uniform.html:96:89: Warning: inserting implicit <span>
    Uniform.html:75:6: Warning: trimming empty <span>
    Uniform.html:78:6: Warning: trimming empty <span>
    Uniform.html:81:6: Warning: trimming empty <span>
    Uniform.html:84:6: Warning: trimming empty <span>
    Uniform.html:87:6: Warning: trimming empty <span>
    Uniform.html:90:6: Warning: trimming empty <span>
    Uniform.html:93:6: Warning: trimming empty <span>
    Uniform.html:96:6: Warning: trimming empty <span>
Flavors: r-devel-linux-x86_64-debian-clang, r-devel-linux-x86_64-debian-gcc