CRAN Package Check Results for Package RPEGLMEN

Last updated on 2022-01-25 19:50:44 CET.

Flavor Version Tinstall Tcheck Ttotal Status Flags
r-devel-linux-x86_64-debian-clang 1.1.1 45.18 44.11 89.29 OK
r-devel-linux-x86_64-debian-gcc 1.1.1 34.65 37.36 72.01 OK
r-devel-linux-x86_64-fedora-clang 1.1.1 134.17 NOTE
r-devel-linux-x86_64-fedora-gcc 1.1.1 107.39 OK
r-devel-windows-x86_64-new-UL 1.1.1 64.00 83.00 147.00 OK
r-devel-windows-x86_64-new-TK 1.1.1 OK
r-patched-linux-x86_64 1.1.1 37.12 42.24 79.36 OK
r-release-linux-x86_64 1.1.1 33.44 41.97 75.41 OK
r-release-macos-arm64 1.1.1 NOTE
r-release-macos-x86_64 1.1.1 NOTE
r-release-windows-ix86+x86_64 1.1.1 110.00 76.00 186.00 OK
r-oldrel-macos-x86_64 1.1.1 NOTE
r-oldrel-windows-ix86+x86_64 1.1.1 115.00 77.00 192.00 OK

Check Details

Version: 1.1.1
Check: installed package size
Result: NOTE
     installed size is 6.4Mb
     sub-directories of 1Mb or more:
     libs 6.0Mb
Flavors: r-devel-linux-x86_64-fedora-clang, r-release-macos-arm64, r-release-macos-x86_64, r-oldrel-macos-x86_64