CRAN Package Check Results for Package RPEIF

Last updated on 2020-02-23 10:49:03 CET.

Flavor Version Tinstall Tcheck Ttotal Status Flags
r-devel-linux-x86_64-debian-clang 1.0.3 5.09 38.44 43.53 OK
r-devel-linux-x86_64-debian-gcc 1.0.3 3.77 29.22 32.99 OK
r-devel-linux-x86_64-fedora-clang 1.0.3 53.29 NOTE
r-devel-linux-x86_64-fedora-gcc 1.0.3 51.35 NOTE
r-devel-windows-ix86+x86_64 1.0.3 13.00 45.00 58.00 OK
r-devel-windows-ix86+x86_64-gcc8 1.0.3 18.00 63.00 81.00 OK
r-patched-linux-x86_64 1.0.3 OK
r-patched-solaris-x86 1.0.3 63.40 NOTE
r-release-linux-x86_64 1.0.3 4.66 34.41 39.07 OK
r-release-windows-ix86+x86_64 1.0.3 9.00 44.00 53.00 OK
r-release-osx-x86_64 1.0.3 NOTE
r-oldrel-windows-ix86+x86_64 1.0.3 8.00 45.00 53.00 OK
r-oldrel-osx-x86_64 1.0.3 NOTE

Check Details

Version: 1.0.3
Check: dependencies in R code
Result: NOTE
    Namespace in Imports field not imported from: ‘Rcpp’
     All declared Imports should be used.
Flavors: r-devel-linux-x86_64-fedora-clang, r-devel-linux-x86_64-fedora-gcc, r-patched-solaris-x86, r-release-osx-x86_64, r-oldrel-osx-x86_64