CRAN Package Check Results for Package RPEIF

Last updated on 2019-10-14 03:47:44 CEST.

Flavor Version Tinstall Tcheck Ttotal Status Flags
r-devel-linux-x86_64-debian-clang 1.0 34.94 41.40 76.34 WARN
r-devel-linux-x86_64-debian-gcc 1.0 27.15 32.65 59.80 WARN
r-devel-linux-x86_64-fedora-clang 1.0 110.13 WARN
r-devel-linux-x86_64-fedora-gcc 1.0 97.69 WARN
r-devel-windows-ix86+x86_64 1.0 55.00 68.00 123.00 OK
r-patched-linux-x86_64 1.0 29.36 41.21 70.57 OK
r-patched-solaris-x86 1.0 108.20 NOTE
r-release-linux-x86_64 1.0 27.14 41.12 68.26 OK
r-release-windows-ix86+x86_64 1.0 78.00 97.00 175.00 OK
r-release-osx-x86_64 1.0 NOTE
r-oldrel-windows-ix86+x86_64 1.0 50.00 67.00 117.00 OK
r-oldrel-osx-x86_64 1.0 NOTE

Check Details

Version: 1.0
Check: whether package can be installed
Result: WARN
    Found the following significant warnings:
     'config' variable 'CPP' is deprecated
     'config' variable 'CXXCPP' is deprecated
Flavors: r-devel-linux-x86_64-debian-clang, r-devel-linux-x86_64-debian-gcc, r-devel-linux-x86_64-fedora-clang, r-devel-linux-x86_64-fedora-gcc

Version: 1.0
Check: dependencies in R code
Result: NOTE
    Namespace in Imports field not imported from: ‘ggplot2’
     All declared Imports should be used.
Flavors: r-devel-linux-x86_64-fedora-clang, r-devel-linux-x86_64-fedora-gcc, r-patched-solaris-x86, r-release-osx-x86_64, r-oldrel-osx-x86_64