CRAN Package Check Results for Package RPPanalyzer

Last updated on 2020-02-27 20:48:38 CET.

Flavor Version Tinstall Tcheck Ttotal Status Flags
r-devel-linux-x86_64-debian-clang 1.4.5 17.93 203.03 220.96 NOTE
r-devel-linux-x86_64-debian-gcc 1.4.5 16.13 151.09 167.22 NOTE
r-devel-linux-x86_64-fedora-clang 1.4.5 266.57 NOTE
r-devel-linux-x86_64-fedora-gcc 1.4.5 265.11 NOTE
r-devel-windows-ix86+x86_64 1.4.5 36.00 213.00 249.00 NOTE
r-devel-windows-ix86+x86_64-gcc8 1.4.5 38.00 218.00 256.00 NOTE
r-patched-linux-x86_64 1.4.5 13.48 174.59 188.07 OK
r-patched-solaris-x86 1.4.5 331.80 NOTE
r-release-linux-x86_64 1.4.5 15.12 176.20 191.32 OK
r-release-windows-ix86+x86_64 1.4.5 31.00 214.00 245.00 NOTE
r-release-osx-x86_64 1.4.5 NOTE
r-oldrel-windows-ix86+x86_64 1.4.5 20.00 184.00 204.00 NOTE
r-oldrel-osx-x86_64 1.4.5 NOTE

Check Details

Version: 1.4.5
Check: for non-standard things in the check directory
Result: NOTE
    Found the following files/directories:
     'Datasample.mads.txt' 'Datasample.medians.txt' 'control_plot.pdf'
     'correlation_plot.pdf' 'dataIII_qqplot.pdf' 'kruskalBoxplot.pdf'
     'plotQC.pdf' 'simpleBoxplot.pdf' 'wilcoxonBoxplot.pdf'
Flavors: r-devel-linux-x86_64-debian-clang, r-devel-linux-x86_64-debian-gcc, r-devel-linux-x86_64-fedora-clang, r-devel-linux-x86_64-fedora-gcc

Version: 1.4.5
Check: installed package size
Result: NOTE
     installed size is 5.5Mb
     sub-directories of 1Mb or more:
     extdata 4.5Mb
Flavors: r-devel-linux-x86_64-fedora-clang, r-devel-windows-ix86+x86_64, r-devel-windows-ix86+x86_64-gcc8, r-patched-solaris-x86, r-release-windows-ix86+x86_64, r-release-osx-x86_64, r-oldrel-windows-ix86+x86_64, r-oldrel-osx-x86_64