CRAN Package Check Results for Package RPPanalyzer

Last updated on 2019-09-18 17:46:33 CEST.

Flavor Version Tinstall Tcheck Ttotal Status Flags
r-devel-linux-x86_64-debian-clang 1.4.5 16.21 180.59 196.80 NOTE
r-devel-linux-x86_64-debian-gcc 1.4.5 13.26 134.03 147.29 NOTE
r-devel-linux-x86_64-fedora-clang 1.4.5 229.40 NOTE
r-devel-linux-x86_64-fedora-gcc 1.4.5 229.11 NOTE
r-devel-windows-ix86+x86_64 1.4.5 56.00 272.00 328.00 NOTE
r-patched-linux-x86_64 1.4.5 15.31 173.52 188.83 OK
r-patched-solaris-x86 1.4.5 321.60 NOTE
r-release-linux-x86_64 1.4.5 14.59 175.00 189.59 OK
r-release-windows-ix86+x86_64 1.4.5 37.00 276.00 313.00 NOTE
r-release-osx-x86_64 1.4.5 ERROR
r-oldrel-windows-ix86+x86_64 1.4.5 21.00 192.00 213.00 NOTE
r-oldrel-osx-x86_64 1.4.5 NOTE

Check Details

Version: 1.4.5
Check: for non-standard things in the check directory
Result: NOTE
    Found the following files/directories:
     'Datasample.mads.txt' 'Datasample.medians.txt' 'control_plot.pdf'
     'correlation_plot.pdf' 'dataIII_qqplot.pdf' 'kruskalBoxplot.pdf'
     'plotQC.pdf' 'simpleBoxplot.pdf' 'wilcoxonBoxplot.pdf'
Flavors: r-devel-linux-x86_64-debian-clang, r-devel-linux-x86_64-debian-gcc, r-devel-linux-x86_64-fedora-clang, r-devel-linux-x86_64-fedora-gcc

Version: 1.4.5
Check: installed package size
Result: NOTE
     installed size is 5.5Mb
     sub-directories of 1Mb or more:
     extdata 4.5Mb
Flavors: r-devel-linux-x86_64-fedora-clang, r-devel-windows-ix86+x86_64, r-patched-solaris-x86, r-release-windows-ix86+x86_64, r-oldrel-windows-ix86+x86_64, r-oldrel-osx-x86_64

Version: 1.4.5
Check: package dependencies
Result: ERROR
    Packages required but not available: 'limma', 'Biobase'
    
    See section ‘The DESCRIPTION file’ in the ‘Writing R Extensions’
    manual.
Flavor: r-release-osx-x86_64