CRAN Package Check Results for Package RPostgres

Last updated on 2020-02-23 10:49:03 CET.

Flavor Version Tinstall Tcheck Ttotal Status Flags
r-devel-linux-x86_64-debian-clang 1.2.0 154.79 41.39 196.18 OK
r-devel-linux-x86_64-debian-gcc 1.2.0 87.33 32.05 119.38 OK
r-devel-linux-x86_64-fedora-clang 1.2.0 277.63 OK
r-devel-linux-x86_64-fedora-gcc 1.2.0 236.73 OK
r-devel-windows-ix86+x86_64 1.2.0 538.00 120.00 658.00 NOTE
r-devel-windows-ix86+x86_64-gcc8 1.2.0 791.00 156.00 947.00 NOTE
r-patched-linux-x86_64 1.2.0 OK
r-patched-solaris-x86 1.2.0 4.40 ERROR
r-release-linux-x86_64 1.2.0 109.60 36.18 145.78 OK
r-release-windows-ix86+x86_64 1.2.0 564.00 111.00 675.00 NOTE
r-release-osx-x86_64 1.2.0 NOTE
r-oldrel-windows-ix86+x86_64 1.2.0 601.00 110.00 711.00 NOTE
r-oldrel-osx-x86_64 1.2.0 NOTE

Check Details

Version: 1.2.0
Check: installed package size
Result: NOTE
     installed size is 8.2Mb
     sub-directories of 1Mb or more:
     libs 7.9Mb
Flavors: r-devel-windows-ix86+x86_64, r-devel-windows-ix86+x86_64-gcc8, r-release-windows-ix86+x86_64, r-release-osx-x86_64, r-oldrel-windows-ix86+x86_64, r-oldrel-osx-x86_64

Version: 1.2.0
Check: whether package can be installed
Result: ERROR
    Installation failed.
Flavor: r-patched-solaris-x86