CRAN Package Check Results for Package RPostgres

Last updated on 2019-09-22 11:46:25 CEST.

Flavor Version Tinstall Tcheck Ttotal Status Flags
r-devel-linux-x86_64-debian-clang 1.1.1 121.57 37.70 159.27 OK
r-devel-linux-x86_64-debian-gcc 1.1.1 89.06 29.81 118.87 OK
r-devel-linux-x86_64-fedora-clang 1.1.1 259.64 WARN
r-devel-linux-x86_64-fedora-gcc 1.1.1 221.67 OK
r-devel-windows-ix86+x86_64 1.1.1 745.00 99.00 844.00 NOTE
r-patched-linux-x86_64 1.1.1 97.43 36.76 134.19 OK
r-patched-solaris-x86 1.1.1 3.90 ERROR
r-release-linux-x86_64 1.1.1 97.07 36.90 133.97 OK
r-release-windows-ix86+x86_64 1.1.1 550.00 103.00 653.00 NOTE
r-release-osx-x86_64 1.1.1 OK
r-oldrel-windows-ix86+x86_64 1.1.1 529.00 93.00 622.00 NOTE
r-oldrel-osx-x86_64 1.1.1 OK

Check Details

Version: 1.1.1
Check: whether package can be installed
Result: WARN
    Found the following significant warnings:
     DbDataFrame.cpp:52:77: warning: 'mem_fun_ref<DATA_TYPE, DbColumn>' is deprecated [-Wdeprecated-declarations]
Flavor: r-devel-linux-x86_64-fedora-clang

Version: 1.1.1
Check: installed package size
Result: NOTE
     installed size is 6.1Mb
     sub-directories of 1Mb or more:
     libs 5.8Mb
Flavors: r-devel-windows-ix86+x86_64, r-release-windows-ix86+x86_64, r-oldrel-windows-ix86+x86_64

Version: 1.1.1
Check: whether package can be installed
Result: ERROR
    Installation failed.
Flavor: r-patched-solaris-x86