Last updated on 2022-08-07 19:55:19 CEST.
Flavor | Version | Tinstall | Tcheck | Ttotal | Status | Flags |
---|---|---|---|---|---|---|
r-devel-linux-x86_64-debian-clang | 0.4.19 | 293.01 | 68.63 | 361.64 | OK | |
r-devel-linux-x86_64-debian-gcc | 0.4.19 | 215.15 | 51.07 | 266.22 | OK | |
r-devel-linux-x86_64-fedora-clang | 0.4.19 | 537.40 | NOTE | |||
r-devel-linux-x86_64-fedora-gcc | 0.4.19 | 512.70 | OK | |||
r-devel-windows-x86_64 | 0.4.19 | 383.00 | 179.00 | 562.00 | OK | |
r-patched-linux-x86_64 | 0.4.19 | 248.60 | 64.26 | 312.86 | OK | |
r-release-linux-x86_64 | 0.4.19 | 255.97 | 63.96 | 319.93 | OK | |
r-release-macos-arm64 | 0.4.19 | 119.00 | NOTE | |||
r-release-macos-x86_64 | 0.4.19 | 174.00 | NOTE | |||
r-release-windows-x86_64 | 0.4.19 | 350.00 | 197.00 | 547.00 | OK | |
r-oldrel-macos-arm64 | 0.4.19 | 118.00 | NOTE | |||
r-oldrel-macos-x86_64 | 0.4.19 | 175.00 | NOTE | |||
r-oldrel-windows-ix86+x86_64 | 0.4.19 | 672.00 | 196.00 | 868.00 | NOTE |
Version: 0.4.19
Check: installed package size
Result: NOTE
installed size is 7.4Mb
sub-directories of 1Mb or more:
libs 5.9Mb
Flavors: r-devel-linux-x86_64-fedora-clang, r-release-macos-arm64, r-release-macos-x86_64, r-oldrel-macos-arm64, r-oldrel-macos-x86_64, r-oldrel-windows-ix86+x86_64