CRAN Package Check Results for Package RQuantLib

Last updated on 2020-02-19 21:46:48 CET.

Flavor Version Tinstall Tcheck Ttotal Status Flags
r-devel-linux-x86_64-debian-clang 0.4.11 680.96 57.28 738.24 OK
r-devel-linux-x86_64-debian-gcc 0.4.11 706.27 42.52 748.79 OK
r-devel-windows-ix86+x86_64 0.4.11 2273.00 184.00 2457.00 NOTE
r-devel-windows-ix86+x86_64-gcc8 0.4.11 2709.00 226.00 2935.00 NOTE
r-patched-linux-x86_64 0.4.11 820.27 50.46 870.73 OK
r-release-linux-x86_64 0.4.11 818.68 52.18 870.86 OK
r-release-windows-ix86+x86_64 0.4.11 2120.00 196.00 2316.00 NOTE
r-release-osx-x86_64 0.4.11 NOTE
r-oldrel-windows-ix86+x86_64 0.4.11 2149.00 219.00 2368.00 NOTE
r-oldrel-osx-x86_64 0.4.11 NOTE

Check Details

Version: 0.4.11
Check: installed package size
Result: NOTE
     installed size is 28.4Mb
     sub-directories of 1Mb or more:
     libs 27.8Mb
Flavors: r-devel-windows-ix86+x86_64, r-devel-windows-ix86+x86_64-gcc8, r-release-windows-ix86+x86_64, r-release-osx-x86_64, r-oldrel-windows-ix86+x86_64, r-oldrel-osx-x86_64

Version: 0.4.11
Check: dependencies in R code
Result: NOTE
    No protocol specified
Flavors: r-release-osx-x86_64, r-oldrel-osx-x86_64