CRAN Package Check Results for Package RSCAT

Last updated on 2020-11-25 08:50:47 CET.

Flavor Version Tinstall Tcheck Ttotal Status Flags
r-devel-linux-x86_64-debian-clang 1.1.0 8.64 67.53 76.17 OK
r-devel-linux-x86_64-debian-gcc 1.1.0 6.56 52.62 59.18 OK
r-devel-linux-x86_64-fedora-clang 1.1.0 100.05 OK
r-devel-linux-x86_64-fedora-gcc 1.1.0 89.85 OK
r-devel-windows-ix86+x86_64 1.1.0 18.00 77.00 95.00 OK
r-patched-linux-x86_64 1.1.0 8.92 64.56 73.48 OK
r-patched-solaris-x86 1.1.0 131.50 OK
r-release-linux-x86_64 1.1.0 7.80 63.70 71.50 OK
r-release-macos-x86_64 1.1.0 OK
r-release-windows-ix86+x86_64 1.1.0 18.00 87.00 105.00 OK
r-oldrel-macos-x86_64 1.1.0 OK
r-oldrel-windows-ix86+x86_64 1.1.0 6.00 5.00 11.00 ERROR

Check Details

Version: 1.1.0
Check: whether package can be installed
Result: ERROR
    Installation failed.
Flavor: r-oldrel-windows-ix86+x86_64