CRAN Package Check Results for Package RSEIS

Last updated on 2021-03-08 10:47:02 CET.

Flavor Version Tinstall Tcheck Ttotal Status Flags
r-devel-linux-x86_64-debian-clang 3.9-3 30.38 157.96 188.34 OK
r-devel-linux-x86_64-debian-gcc 3.9-3 25.07 116.70 141.77 OK
r-devel-linux-x86_64-fedora-clang 3.9-3 233.52 OK
r-devel-linux-x86_64-fedora-gcc 3.9-3 222.05 OK
r-devel-windows-ix86+x86_64 3.9-3 56.00 237.00 293.00 OK
r-devel-windows-x86_64-gcc10-UCRT 3.9-3 OK
r-patched-linux-x86_64 3.9-3 30.38 145.19 175.57 OK
r-patched-solaris-x86 3.9-3 273.50 WARN
r-release-linux-x86_64 3.9-3 30.80 147.25 178.05 OK
r-release-macos-x86_64 3.9-3 OK
r-release-windows-ix86+x86_64 3.9-3 43.00 232.00 275.00 OK
r-oldrel-macos-x86_64 3.9-3 WARN
r-oldrel-windows-ix86+x86_64 3.9-3 41.00 206.00 247.00 OK

Check Details

Version: 3.9-3
Check: for executable files
Result: WARN
    Found the following executable file:
     data/GH.RData
    Source packages should not contain undeclared executable files.
    See section ‘Package structure’ in the ‘Writing R Extensions’ manual.
Flavors: r-patched-solaris-x86, r-oldrel-macos-x86_64