CRAN Package Check Results for Package RSSampling

Last updated on 2022-06-25 02:52:27 CEST.

Flavor Version Tinstall Tcheck Ttotal Status Flags
r-devel-linux-x86_64-debian-clang 1.0 5.21 37.67 42.88 NOTE
r-devel-linux-x86_64-debian-gcc 1.0 4.39 28.31 32.70 NOTE
r-devel-linux-x86_64-fedora-clang 1.0 62.39 NOTE
r-devel-linux-x86_64-fedora-gcc 1.0 66.02 NOTE
r-devel-windows-x86_64 1.0 22.00 57.00 79.00 NOTE
r-patched-linux-x86_64 1.0 4.86 36.27 41.13 NOTE
r-release-linux-x86_64 1.0 5.15 36.04 41.19 NOTE
r-release-macos-arm64 1.0 17.00 NOTE
r-release-macos-x86_64 1.0 25.00 NOTE
r-release-windows-x86_64 1.0 10.00 58.00 68.00 NOTE
r-oldrel-macos-arm64 1.0 22.00 NOTE
r-oldrel-macos-x86_64 1.0 33.00 NOTE
r-oldrel-windows-ix86+x86_64 1.0 10.00 50.00 60.00 NOTE

Check Details

Version: 1.0
Check: LazyData
Result: NOTE
     'LazyData' is specified without a 'data' directory
Flavors: r-devel-linux-x86_64-debian-clang, r-devel-linux-x86_64-debian-gcc, r-devel-linux-x86_64-fedora-clang, r-devel-linux-x86_64-fedora-gcc, r-devel-windows-x86_64, r-patched-linux-x86_64, r-release-linux-x86_64, r-release-macos-arm64, r-release-macos-x86_64, r-release-windows-x86_64, r-oldrel-macos-arm64, r-oldrel-macos-x86_64, r-oldrel-windows-ix86+x86_64