CRAN Package Check Results for Package RStripe

Last updated on 2021-04-15 04:48:54 CEST.

Flavor Version Tinstall Tcheck Ttotal Status Flags
r-devel-linux-x86_64-debian-clang 0.1 3.65 34.40 38.05 NOTE
r-devel-linux-x86_64-debian-gcc 0.1 2.86 27.23 30.09 NOTE
r-devel-linux-x86_64-fedora-clang 0.1 55.79 NOTE
r-devel-linux-x86_64-fedora-gcc 0.1 46.07 NOTE
r-devel-windows-ix86+x86_64 0.1 9.00 53.00 62.00 NOTE
r-devel-windows-x86_64-gcc10-UCRT 0.1 NOTE
r-patched-linux-x86_64 0.1 3.63 32.84 36.47 OK
r-patched-solaris-x86 0.1 67.80 OK
r-release-linux-x86_64 0.1 3.30 33.01 36.31 OK
r-release-macos-x86_64 0.1 OK
r-release-windows-ix86+x86_64 0.1 17.00 51.00 68.00 OK
r-oldrel-macos-x86_64 0.1 OK
r-oldrel-windows-ix86+x86_64 0.1 7.00 35.00 42.00 OK

Check Details

Version: 0.1
Check: LazyData
Result: NOTE
     'LazyData' is specified without a 'data' directory
Flavors: r-devel-linux-x86_64-debian-clang, r-devel-linux-x86_64-debian-gcc, r-devel-linux-x86_64-fedora-clang, r-devel-linux-x86_64-fedora-gcc, r-devel-windows-ix86+x86_64, r-devel-windows-x86_64-gcc10-UCRT