CRAN Package Check Results for Package RSuite

Last updated on 2020-11-27 19:48:57 CET.

Flavor Version Tinstall Tcheck Ttotal Status Flags
r-devel-linux-x86_64-debian-clang 0.37-253 17.26 100.58 117.84 OK --no-vignettes
r-devel-linux-x86_64-debian-gcc 0.37-253 15.21 75.78 90.99 OK --no-vignettes
r-devel-linux-x86_64-fedora-clang 0.37-253 1574.51 OK
r-devel-linux-x86_64-fedora-gcc 0.37-253 286.35 OK
r-devel-windows-ix86+x86_64 0.37-253 34.00 465.00 499.00 OK
r-patched-linux-x86_64 0.37-253 15.94 92.69 108.63 OK --no-vignettes
r-patched-solaris-x86 0.37-253 194.90 ERROR
r-release-linux-x86_64 0.37-253 15.93 93.22 109.15 OK --no-vignettes
r-release-macos-x86_64 0.37-253 OK
r-release-windows-ix86+x86_64 0.37-253 35.00 484.00 519.00 OK
r-oldrel-macos-x86_64 0.37-253 OK
r-oldrel-windows-ix86+x86_64 0.37-253 23.00 1486.00 1509.00 OK

Check Details

Version: 0.37-253
Check: examples
Result: ERROR
    Running examples in ‘RSuite-Ex.R’ failed
    The error most likely occurred in:
    
    > ### Name: prj_pack
    > ### Title: Prepares project source pack tagged with version.
    > ### Aliases: prj_pack
    >
    > ### ** Examples
    >
    > # create exemplary project base folder
    > prj_base <- tempfile("example_")
    > dir.create(prj_base, recursive = TRUE, showWarnings = FALSE)
    >
    > # start project
    > prj <- prj_start("my_project", skip_rc = TRUE, path = prj_base)
    2020-11-27 16:41:26 INFO:rsuite:Project my_project has structure compliant with current version of RSuite(v0.37.253).
    2020-11-27 16:41:26 INFO:rsuite:Project my_project started.
    >
    > # create package in the project
    > prj_start_package("mypackage", prj = prj, skip_rc = TRUE)
    2020-11-27 16:41:26 INFO:rsuite:Package mypackage started in project my_project.
    >
    > # build project source pack
    > pack_fpath <- prj_pack(prj = prj, path = tempdir(), pack_ver = "1.0")
    2020-11-27 16:41:26 WARNING:rsuite:Project environment is not locked!
    2020-11-27 16:41:26 INFO:rsuite:Exporting project from /tmp/RtmpT9aaHy/working_dir/Rtmp2SaqKN/example_4f22717639f2/my_project ...
    2020-11-27 16:41:26 INFO:rsuite:Exporting project from /tmp/RtmpT9aaHy/working_dir/Rtmp2SaqKN/example_4f22717639f2/my_project ... done
    2020-11-27 16:41:27 WARNING:rsuite:Zip building aborted for /tmp/RtmpT9aaHy/working_dir/Rtmp2SaqKN/prjpack_my_project_1.0x.zip
    2020-11-27 16:41:27 ERROR:rsuite:Failed to create pack file (zip returned non 0 return status).
    Error: Failed to create pack file (zip returned non 0 return status).
    Execution halted
Flavor: r-patched-solaris-x86