CRAN Package Check Results for Package RSwissMaps

Last updated on 2020-12-05 05:48:25 CET.

Flavor Version Tinstall Tcheck Ttotal Status Flags
r-devel-linux-x86_64-debian-clang 0.1.0.1 6.04 51.12 57.16 NOTE
r-devel-linux-x86_64-debian-gcc 0.1.0.1 5.85 40.24 46.09 NOTE
r-devel-linux-x86_64-fedora-clang 0.1.0.1 74.39 NOTE
r-devel-linux-x86_64-fedora-gcc 0.1.0.1 67.56 NOTE
r-devel-windows-ix86+x86_64 0.1.0.1 10.00 69.00 79.00 NOTE
r-patched-linux-x86_64 0.1.0.1 6.41 49.48 55.89 NOTE
r-patched-solaris-x86 0.1.0.1 93.00 NOTE
r-release-linux-x86_64 0.1.0.1 6.97 49.89 56.86 NOTE
r-release-macos-x86_64 0.1.0.1 NOTE
r-release-windows-ix86+x86_64 0.1.0.1 8.00 52.00 60.00 NOTE
r-oldrel-macos-x86_64 0.1.0.1 NOTE
r-oldrel-windows-ix86+x86_64 0.1.0.1 8.00 69.00 77.00 OK

Check Details

Version: 0.1.0.1
Check: package vignettes
Result: NOTE
    Package vignette with placeholder title 'Vignette Title':
     'vignette.Rmd'
Flavors: r-devel-linux-x86_64-debian-clang, r-devel-linux-x86_64-debian-gcc, r-devel-windows-ix86+x86_64, r-patched-linux-x86_64, r-release-linux-x86_64, r-release-windows-ix86+x86_64

Version: 0.1.0.1
Check: for non-standard things in the check directory
Result: NOTE
    Found the following files/directories:
     'mapCH2017.rda'
Flavors: r-devel-linux-x86_64-debian-clang, r-devel-linux-x86_64-debian-gcc, r-devel-linux-x86_64-fedora-clang, r-devel-linux-x86_64-fedora-gcc, r-patched-linux-x86_64, r-patched-solaris-x86, r-release-linux-x86_64

Version: 0.1.0.1
Check: data for non-ASCII characters
Result: NOTE
     Note: found 18627 marked UTF-8 strings
Flavors: r-devel-linux-x86_64-fedora-clang, r-devel-linux-x86_64-fedora-gcc, r-patched-solaris-x86, r-release-macos-x86_64, r-oldrel-macos-x86_64