CRAN Package Check Results for Package RTD

Last updated on 2020-01-18 22:48:44 CET.

Flavor Version Tinstall Tcheck Ttotal Status Flags
r-devel-linux-x86_64-debian-clang 0.1.1 4.94 44.80 49.74 OK
r-devel-linux-x86_64-debian-gcc 0.1.1 3.46 34.87 38.33 OK
r-devel-linux-x86_64-fedora-clang 0.1.1 58.58 NOTE
r-devel-linux-x86_64-fedora-gcc 0.1.1 57.89 NOTE
r-devel-windows-ix86+x86_64 0.1.1 16.00 72.00 88.00 OK
r-devel-windows-ix86+x86_64-gcc8 0.1.1 12.00 68.00 80.00 OK
r-patched-linux-x86_64 0.1.1 3.28 39.99 43.27 OK
r-patched-solaris-x86 0.1.1 64.00 NOTE
r-release-linux-x86_64 0.1.1 2.97 39.78 42.75 OK
r-release-windows-ix86+x86_64 0.1.1 11.00 70.00 81.00 OK
r-release-osx-x86_64 0.1.1 NOTE
r-oldrel-windows-ix86+x86_64 0.1.1 7.00 46.00 53.00 OK
r-oldrel-osx-x86_64 0.1.1 NOTE

Check Details

Version: 0.1.1
Check: dependencies in R code
Result: NOTE
    Namespace in Imports field not imported from: ‘openssl’
     All declared Imports should be used.
Flavors: r-devel-linux-x86_64-fedora-clang, r-devel-linux-x86_64-fedora-gcc, r-patched-solaris-x86, r-release-osx-x86_64, r-oldrel-osx-x86_64