CRAN Package Check Results for Package RUVIIIC

Last updated on 2022-01-28 02:51:11 CET.

Flavor Version Tinstall Tcheck Ttotal Status Flags
r-devel-linux-x86_64-debian-clang 1.0.19 184.06 104.99 289.05 OK
r-devel-linux-x86_64-debian-gcc 1.0.19 155.27 84.25 239.52 OK
r-devel-linux-x86_64-fedora-clang 1.0.19 414.24 NOTE
r-devel-linux-x86_64-fedora-gcc 1.0.19 391.77 OK
r-devel-windows-x86_64-new-UL 1.0.19 130.00 145.00 275.00 OK
r-devel-windows-x86_64-new-TK 1.0.19 OK
r-patched-linux-x86_64 1.0.19 170.52 101.38 271.90 OK
r-release-linux-x86_64 1.0.19 161.08 101.93 263.01 OK
r-release-macos-arm64 1.0.19 NOTE
r-release-macos-x86_64 1.0.19 NOTE
r-release-windows-ix86+x86_64 1.0.19 380.00 186.00 566.00 OK
r-oldrel-macos-x86_64 1.0.19 NOTE
r-oldrel-windows-ix86+x86_64 1.0.19 382.00 174.00 556.00 OK

Check Details

Version: 1.0.19
Check: installed package size
Result: NOTE
     installed size is 45.4Mb
     sub-directories of 1Mb or more:
     libs 44.8Mb
Flavors: r-devel-linux-x86_64-fedora-clang, r-release-macos-arm64, r-release-macos-x86_64, r-oldrel-macos-x86_64