CRAN Package Check Results for Package RUnit

Last updated on 2021-02-26 14:47:07 CET.

Flavor Version Tinstall Tcheck Ttotal Status Flags
r-devel-linux-x86_64-debian-clang 0.4.32 3.85 37.09 40.94 NOTE
r-devel-linux-x86_64-debian-gcc 0.4.32 3.15 29.02 32.17 NOTE
r-devel-linux-x86_64-fedora-clang 0.4.32 60.50 NOTE
r-devel-linux-x86_64-fedora-gcc 0.4.32 49.95 NOTE
r-devel-windows-ix86+x86_64 0.4.32 8.00 58.00 66.00 OK
r-patched-linux-x86_64 0.4.32 3.88 35.51 39.39 NOTE
r-patched-solaris-x86 0.4.32 71.90 NOTE
r-release-linux-x86_64 0.4.32 3.52 35.65 39.17 NOTE
r-release-macos-x86_64 0.4.32 OK
r-release-windows-ix86+x86_64 0.4.32 7.00 58.00 65.00 OK
r-oldrel-macos-x86_64 0.4.32 OK
r-oldrel-windows-ix86+x86_64 0.4.32 5.00 44.00 49.00 OK

Check Details

Version: 0.4.32
Check: for non-standard things in the check directory
Result: NOTE
    Found the following files/directories:
     'results'
Flavors: r-devel-linux-x86_64-debian-clang, r-devel-linux-x86_64-debian-gcc, r-devel-linux-x86_64-fedora-clang, r-devel-linux-x86_64-fedora-gcc, r-patched-linux-x86_64, r-patched-solaris-x86, r-release-linux-x86_64