CRAN Package Check Results for Package RZabbix

Last updated on 2021-04-15 06:47:58 CEST.

Flavor Version Tinstall Tcheck Ttotal Status Flags
r-devel-linux-x86_64-debian-clang 0.1.0 1.81 22.92 24.73 NOTE
r-devel-linux-x86_64-debian-gcc 0.1.0 1.58 18.13 19.71 NOTE
r-devel-linux-x86_64-fedora-clang 0.1.0 40.01 NOTE
r-devel-linux-x86_64-fedora-gcc 0.1.0 29.93 NOTE
r-devel-windows-ix86+x86_64 0.1.0 5.00 42.00 47.00 NOTE
r-devel-windows-x86_64-gcc10-UCRT 0.1.0 NOTE
r-patched-linux-x86_64 0.1.0 1.80 22.04 23.84 OK
r-patched-solaris-x86 0.1.0 47.40 OK
r-release-linux-x86_64 0.1.0 1.87 21.90 23.77 OK
r-release-macos-x86_64 0.1.0 OK
r-release-windows-ix86+x86_64 0.1.0 25.00 39.00 64.00 OK
r-oldrel-macos-x86_64 0.1.0 OK
r-oldrel-windows-ix86+x86_64 0.1.0 4.00 29.00 33.00 OK

Check Details

Version: 0.1.0
Check: LazyData
Result: NOTE
     'LazyData' is specified without a 'data' directory
Flavors: r-devel-linux-x86_64-debian-clang, r-devel-linux-x86_64-debian-gcc, r-devel-linux-x86_64-fedora-clang, r-devel-linux-x86_64-fedora-gcc, r-devel-windows-ix86+x86_64, r-devel-windows-x86_64-gcc10-UCRT