CRAN Package Check Results for Package RZabbix

Last updated on 2023-06-03 02:51:30 CEST.

Flavor Version Tinstall Tcheck Ttotal Status Flags
r-devel-linux-x86_64-debian-clang 0.1.0 2.08 22.91 24.99 NOTE
r-devel-linux-x86_64-debian-gcc 0.1.0 1.68 18.50 20.18 NOTE
r-devel-linux-x86_64-fedora-clang 0.1.0 31.92 NOTE
r-devel-linux-x86_64-fedora-gcc 0.1.0 33.37 NOTE
r-devel-windows-x86_64 0.1.0 3.00 39.00 42.00 NOTE
r-patched-linux-x86_64 0.1.0 NOTE
r-release-linux-x86_64 0.1.0 1.64 22.76 24.40 NOTE
r-release-macos-arm64 0.1.0 15.00 NOTE
r-release-macos-x86_64 0.1.0 18.00 NOTE
r-release-windows-x86_64 0.1.0 3.00 39.00 42.00 NOTE
r-oldrel-macos-arm64 0.1.0 17.00 NOTE
r-oldrel-macos-x86_64 0.1.0 22.00 NOTE
r-oldrel-windows-x86_64 0.1.0 3.00 41.00 44.00 NOTE

Check Details

Version: 0.1.0
Check: LazyData
Result: NOTE
     'LazyData' is specified without a 'data' directory
Flavors: r-devel-linux-x86_64-debian-clang, r-devel-linux-x86_64-debian-gcc, r-devel-linux-x86_64-fedora-clang, r-devel-linux-x86_64-fedora-gcc, r-devel-windows-x86_64, r-patched-linux-x86_64, r-release-linux-x86_64, r-release-macos-arm64, r-release-macos-x86_64, r-release-windows-x86_64, r-oldrel-macos-arm64, r-oldrel-macos-x86_64, r-oldrel-windows-x86_64