CRAN Package Check Results for Package RaceID

Last updated on 2021-03-06 16:47:07 CET.

Flavor Version Tinstall Tcheck Ttotal Status Flags
r-devel-linux-x86_64-debian-clang 0.2.2 45.44 588.10 633.54 OK
r-devel-linux-x86_64-debian-gcc 0.2.2 31.77 410.51 442.28 NOTE
r-devel-linux-x86_64-fedora-clang 0.2.2 770.68 NOTE
r-devel-linux-x86_64-fedora-gcc 0.2.2 438.11 NOTE
r-devel-windows-ix86+x86_64 0.2.2 102.00 871.00 973.00 NOTE
r-patched-linux-x86_64 0.2.2 OK
r-patched-solaris-x86 0.2.2 1264.80 NOTE
r-release-linux-x86_64 0.2.2 38.41 562.86 601.27 OK
r-release-macos-x86_64 0.2.2 NOTE
r-release-windows-ix86+x86_64 0.2.2 73.00 654.00 727.00 NOTE
r-oldrel-macos-x86_64 0.2.2 NOTE
r-oldrel-windows-ix86+x86_64 0.2.2 67.00 646.00 713.00 NOTE

Check Details

Version: 0.2.2
Check: package dependencies
Result: NOTE
    Package suggested but not available for checking: ‘destiny’
Flavor: r-devel-linux-x86_64-debian-gcc

Version: 0.2.2
Check: package dependencies
Result: NOTE
    Packages suggested but not available for checking: 'batchelor', 'destiny'
    
    Imports includes 21 non-default packages.
    Importing from so many packages makes the package vulnerable to any of
    them becoming unavailable. Move as many as possible to Suggests and
    use conditionally.
Flavor: r-devel-linux-x86_64-fedora-clang

Version: 0.2.2
Check: installed package size
Result: NOTE
     installed size is 9.8Mb
     sub-directories of 1Mb or more:
     data 2.1Mb
     doc 5.8Mb
     libs 1.3Mb
Flavors: r-devel-linux-x86_64-fedora-clang, r-devel-windows-ix86+x86_64, r-patched-solaris-x86, r-release-macos-x86_64, r-release-windows-ix86+x86_64, r-oldrel-macos-x86_64, r-oldrel-windows-ix86+x86_64

Version: 0.2.2
Check: package dependencies
Result: NOTE
    Packages suggested but not available for checking: 'batchelor', 'destiny'
Flavors: r-devel-linux-x86_64-fedora-gcc, r-release-macos-x86_64

Version: 0.2.2
Check: package dependencies
Result: NOTE
    Package suggested but not available for checking: ‘batchelor’
Flavors: r-patched-solaris-x86, r-oldrel-macos-x86_64