CRAN Package Check Results for Package RaceID

Last updated on 2019-09-24 08:50:57 CEST.

Flavor Version Tinstall Tcheck Ttotal Status Flags
r-devel-linux-x86_64-debian-clang 0.1.4 36.01 791.01 827.02 OK
r-devel-linux-x86_64-debian-gcc 0.1.5 31.04 564.77 595.81 OK
r-devel-linux-x86_64-fedora-clang 0.1.5 1090.82 NOTE
r-devel-linux-x86_64-fedora-gcc 0.1.5 1078.50 NOTE
r-devel-windows-ix86+x86_64 0.1.5 98.00 1168.00 1266.00 NOTE
r-patched-linux-x86_64 0.1.5 34.39 771.22 805.61 OK
r-patched-solaris-x86 0.1.5 1703.00 NOTE
r-release-linux-x86_64 0.1.4 35.85 780.24 816.09 OK
r-release-windows-ix86+x86_64 0.1.4 80.00 1005.00 1085.00 NOTE
r-release-osx-x86_64 0.1.4 WARN
r-oldrel-windows-ix86+x86_64 0.1.5 69.00 920.00 989.00 NOTE
r-oldrel-osx-x86_64 0.1.5 NOTE

Check Details

Version: 0.1.5
Check: package dependencies
Result: NOTE
    Package suggested but not available for checking: ‘scran’
Flavors: r-devel-linux-x86_64-fedora-clang, r-devel-linux-x86_64-fedora-gcc, r-patched-solaris-x86, r-oldrel-osx-x86_64

Version: 0.1.5
Check: installed package size
Result: NOTE
     installed size is 10.4Mb
     sub-directories of 1Mb or more:
     data 2.1Mb
     doc 6.7Mb
Flavors: r-devel-linux-x86_64-fedora-clang, r-devel-windows-ix86+x86_64, r-patched-solaris-x86, r-oldrel-windows-ix86+x86_64, r-oldrel-osx-x86_64

Version: 0.1.4
Check: installed package size
Result: NOTE
     installed size is 11.0Mb
     sub-directories of 1Mb or more:
     data 2.1Mb
     doc 6.7Mb
     libs 1.6Mb
Flavors: r-release-windows-ix86+x86_64, r-release-osx-x86_64

Version: 0.1.4
Check: package dependencies
Result: NOTE
    Packages suggested but not available for checking:
     'DESeq2', 'destiny', 'scran'
Flavor: r-release-osx-x86_64

Version: 0.1.4
Check: whether package can be installed
Result: WARN
    Found the following significant warnings:
     Warning: 'rgl_init' failed, running with rgl.useNULL = TRUE
Flavor: r-release-osx-x86_64

Version: 0.1.4
Check: dependencies in R code
Result: NOTE
    No protocol specified
Flavor: r-release-osx-x86_64

Version: 0.1.4
Check: S3 generic/method consistency
Result: WARN
    No protocol specified
    See section ‘Generic functions and methods’ in the ‘Writing R
    Extensions’ manual.
Flavor: r-release-osx-x86_64

Version: 0.1.4
Check: replacement functions
Result: WARN
    No protocol specified
    The argument of a replacement function which corresponds to the right
    hand side must be named ‘value’.
Flavor: r-release-osx-x86_64

Version: 0.1.4
Check: foreign function calls
Result: NOTE
    No protocol specified
    See chapter ‘System and foreign language interfaces’ in the ‘Writing R
    Extensions’ manual.
Flavor: r-release-osx-x86_64

Version: 0.1.4
Check: R code for possible problems
Result: NOTE
    No protocol specified
Flavor: r-release-osx-x86_64

Version: 0.1.4
Check: for missing documentation entries
Result: WARN
    No protocol specified
    All user-level objects in a package should have documentation entries.
    See chapter ‘Writing R documentation files’ in the ‘Writing R
    Extensions’ manual.
Flavor: r-release-osx-x86_64

Version: 0.1.4
Check: for code/documentation mismatches
Result: WARN
    No protocol specified
    No protocol specified
    No protocol specified
Flavor: r-release-osx-x86_64

Version: 0.1.4
Check: Rd \usage sections
Result: NOTE
    No protocol specified
    The \usage entries for S3 methods should use the \method markup and not
    their full name.
    See chapter ‘Writing R documentation files’ in the ‘Writing R
    Extensions’ manual.
Flavor: r-release-osx-x86_64