CRAN Package Check Results for Package RaceID

Last updated on 2020-06-01 13:49:45 CEST.

Flavor Version Tinstall Tcheck Ttotal Status Flags
r-devel-linux-x86_64-debian-clang 0.2.0 42.80 565.21 608.01 OK
r-devel-linux-x86_64-debian-gcc 0.2.0 34.89 401.20 436.09 OK
r-devel-linux-x86_64-fedora-clang 0.2.0 732.37 NOTE
r-devel-linux-x86_64-fedora-gcc 0.2.0 734.09 NOTE
r-devel-windows-ix86+x86_64 0.2.0 104.00 904.00 1008.00 NOTE
r-patched-linux-x86_64 0.2.0 40.44 571.57 612.01 OK
r-patched-solaris-x86 0.2.0 1199.60 NOTE
r-release-linux-x86_64 0.2.0 38.80 555.04 593.84 NOTE
r-release-osx-x86_64 0.2.0 NOTE
r-release-windows-ix86+x86_64 0.2.0 82.00 770.00 852.00 NOTE
r-oldrel-osx-x86_64 0.2.0 NOTE
r-oldrel-windows-ix86+x86_64 0.2.0 109.00 882.00 991.00 NOTE

Check Details

Version: 0.2.0
Check: package dependencies
Result: NOTE
    Imports includes 22 non-default packages.
    Importing from so many packages makes the package vulnerable to any of
    them becoming unavailable. Move as many as possible to Suggests and
    use conditionally.
Flavor: r-devel-linux-x86_64-fedora-clang

Version: 0.2.0
Check: installed package size
Result: NOTE
     installed size is 9.8Mb
     sub-directories of 1Mb or more:
     data 2.1Mb
     doc 5.9Mb
     libs 1.2Mb
Flavors: r-devel-linux-x86_64-fedora-clang, r-devel-windows-ix86+x86_64, r-patched-solaris-x86, r-release-osx-x86_64, r-release-windows-ix86+x86_64, r-oldrel-osx-x86_64, r-oldrel-windows-ix86+x86_64

Version: 0.2.0
Check: dependencies in R code
Result: NOTE
    Namespace in Imports field not imported from: ‘NlcOptim’
     All declared Imports should be used.
Flavors: r-devel-linux-x86_64-fedora-clang, r-devel-linux-x86_64-fedora-gcc, r-patched-solaris-x86, r-release-osx-x86_64, r-oldrel-osx-x86_64

Version: 0.2.0
Check: package dependencies
Result: NOTE
    Package suggested but not available for checking: ‘batchelor’
Flavors: r-patched-solaris-x86, r-release-linux-x86_64, r-oldrel-osx-x86_64

Version: 0.2.0
Check: package dependencies
Result: NOTE
    Packages suggested but not available for checking: 'batchelor', 'destiny'
Flavor: r-release-osx-x86_64