CRAN Package Check Results for Package RadData

Last updated on 2022-01-16 20:48:32 CET.

Flavor Version Tinstall Tcheck Ttotal Status Flags
r-devel-linux-x86_64-debian-clang 1.0.1 8.64 33.66 42.30 OK
r-devel-linux-x86_64-debian-gcc 1.0.1 8.59 28.60 37.19 OK
r-devel-linux-x86_64-fedora-clang 1.0.1 56.13 OK
r-devel-linux-x86_64-fedora-gcc 1.0.1 45.26 OK
r-devel-windows-x86_64-new-UL 1.0.1 25.00 52.00 77.00 OK
r-devel-windows-x86_64-new-TK 1.0.1 OK
r-patched-linux-x86_64 1.0.1 9.20 32.33 41.53 OK
r-release-linux-x86_64 1.0.1 OK
r-release-macos-arm64 1.0.1 NOTE
r-release-macos-x86_64 1.0.1 OK
r-release-windows-ix86+x86_64 1.0.1 16.00 42.00 58.00 OK
r-oldrel-macos-x86_64 1.0.1 OK
r-oldrel-windows-ix86+x86_64 1.0.1 17.00 44.00 61.00 OK

Check Details

Version: 1.0.1
Check: installed package size
Result: NOTE
     installed size is 5.2Mb
     sub-directories of 1Mb or more:
     data 5.0Mb
Flavor: r-release-macos-arm64