CRAN Package Check Results for Package RadOnc

Last updated on 2024-07-20 05:49:45 CEST.

Flavor Version Tinstall Tcheck Ttotal Status Flags
r-devel-linux-x86_64-debian-clang 1.1.8 19.31 112.77 132.08 NOTE
r-devel-linux-x86_64-debian-gcc 1.1.8 13.58 79.08 92.66 NOTE
r-devel-linux-x86_64-fedora-clang 1.1.8 164.28 NOTE
r-devel-linux-x86_64-fedora-gcc 1.1.8 175.49 NOTE
r-devel-windows-x86_64 1.1.8 15.00 109.00 124.00 NOTE
r-patched-linux-x86_64 1.1.8 21.91 105.13 127.04 NOTE
r-release-linux-x86_64 1.1.8 18.40 107.16 125.56 NOTE
r-release-macos-arm64 1.1.8 71.00 NOTE
r-release-macos-x86_64 1.1.8 90.00 NOTE
r-release-windows-x86_64 1.1.8 13.00 115.00 128.00 NOTE
r-oldrel-macos-arm64 1.1.8 56.00 NOTE
r-oldrel-macos-x86_64 1.1.8 96.00 NOTE
r-oldrel-windows-x86_64 1.1.8 15.00 116.00 131.00 NOTE

Check Details

Version: 1.1.8
Check: Rd files
Result: NOTE checkRd: (-1) plot-methods.Rd:98: Lost braces 98 | The line width, a emph{positive} number, defaulting to \code{1}. The interpretation is device-specific, and some devices do not implement line widths less than one (see the help on the device for details of the interpretation). Note that this paramater can also represent a list of different line widths, with length of the list corresponding to the number of \code{DVH} or \code{DVH.list} objects (if \code{plot.type="individual"}, number of line widths should correspond to number of individual \code{DVH} objects). | ^ Flavors: r-devel-linux-x86_64-debian-clang, r-devel-linux-x86_64-debian-gcc, r-devel-linux-x86_64-fedora-clang, r-devel-linux-x86_64-fedora-gcc, r-devel-windows-x86_64, r-patched-linux-x86_64, r-release-linux-x86_64, r-release-macos-arm64, r-release-macos-x86_64, r-release-windows-x86_64

Version: 1.1.8
Check: installed package size
Result: NOTE installed size is 5.2Mb sub-directories of 1Mb or more: data 2.2Mb extdata 1.4Mb Flavors: r-devel-linux-x86_64-fedora-clang, r-devel-windows-x86_64, r-release-macos-arm64, r-release-macos-x86_64, r-release-windows-x86_64, r-oldrel-macos-arm64, r-oldrel-macos-x86_64, r-oldrel-windows-x86_64

Version: 1.1.8
Check: Rd cross-references
Result: NOTE Found the following Rd file(s) with Rd \link{} targets missing package anchors: read.DICOM.RT.Rd: readDICOM Please provide package anchors for all Rd \link{} targets not in the package itself and the base packages. Flavor: r-devel-windows-x86_64