Last updated on 2022-05-26 21:50:14 CEST.
Flavor | Version | Tinstall | Tcheck | Ttotal | Status | Flags |
---|---|---|---|---|---|---|
r-devel-linux-x86_64-debian-clang | 1.2.5 | 29.47 | 57.03 | 86.50 | NOTE | |
r-devel-linux-x86_64-debian-gcc | 1.2.5 | 31.80 | 46.75 | 78.55 | NOTE | |
r-devel-linux-x86_64-fedora-clang | 1.2.5 | 115.23 | NOTE | |||
r-devel-linux-x86_64-fedora-gcc | 1.2.5 | 112.06 | NOTE | |||
r-devel-windows-x86_64 | 1.2.5 | 307.00 | 72.00 | 379.00 | OK | |
r-patched-linux-x86_64 | 1.2.5 | 29.97 | 55.45 | 85.42 | NOTE | |
r-release-linux-x86_64 | 1.2.5 | 27.03 | 55.74 | 82.77 | NOTE | |
r-release-macos-arm64 | 1.2.5 | 33.00 | OK | |||
r-release-macos-x86_64 | 1.2.5 | 43.00 | OK | |||
r-release-windows-x86_64 | 1.2.5 | 278.00 | 72.00 | 350.00 | OK | |
r-oldrel-macos-arm64 | 1.2.5 | 37.00 | OK | |||
r-oldrel-macos-x86_64 | 1.2.5 | 45.00 | OK | |||
r-oldrel-windows-ix86+x86_64 | 1.2.5 | 84.00 | 67.00 | 151.00 | OK |
Version: 1.2.5
Check: package dependencies
Result: NOTE
Package suggested but not available for checking: 'RandomFields'
Flavors: r-devel-linux-x86_64-debian-clang, r-devel-linux-x86_64-debian-gcc, r-devel-linux-x86_64-fedora-clang, r-devel-linux-x86_64-fedora-gcc, r-patched-linux-x86_64, r-release-linux-x86_64