Last updated on 2022-08-08 01:54:42 CEST.
Flavor | Version | Tinstall | Tcheck | Ttotal | Status | Flags |
---|---|---|---|---|---|---|
r-devel-linux-x86_64-debian-clang | 0.3.13 | 147.87 | 34.51 | 182.38 | NOTE | |
r-devel-linux-x86_64-debian-gcc | 0.3.13 | 117.14 | 27.09 | 144.23 | NOTE | |
r-devel-linux-x86_64-fedora-clang | 0.3.13 | 290.99 | NOTE | |||
r-devel-linux-x86_64-fedora-gcc | 0.3.13 | 257.57 | NOTE | |||
r-devel-windows-x86_64 | 0.3.13 | 150.00 | 167.00 | 317.00 | NOTE | |
r-patched-linux-x86_64 | 0.3.13 | 131.45 | 33.38 | 164.83 | NOTE | |
r-release-linux-x86_64 | 0.3.13 | 126.23 | 32.75 | 158.98 | NOTE | |
r-release-macos-arm64 | 0.3.13 | 6.00 | ERROR | |||
r-release-macos-x86_64 | 0.3.13 | 85.00 | NOTE | |||
r-release-windows-x86_64 | 0.3.13 | 249.00 | 161.00 | 410.00 | NOTE | |
r-oldrel-macos-arm64 | 0.3.13 | 8.00 | ERROR | |||
r-oldrel-macos-x86_64 | 0.3.13 | 87.00 | NOTE | |||
r-oldrel-windows-ix86+x86_64 | 0.3.13 | 366.00 | 147.00 | 513.00 | NOTE |
Version: 0.3.13
Check: package dependencies
Result: NOTE
Package suggested but not available for checking: 'fts'
Flavors: r-devel-linux-x86_64-debian-clang, r-devel-linux-x86_64-debian-gcc, r-devel-linux-x86_64-fedora-clang, r-devel-linux-x86_64-fedora-gcc, r-patched-linux-x86_64, r-release-linux-x86_64
Version: 0.3.13
Check: whether package can be installed
Result: NOTE
Found the following notes/warnings:
Non-staged installation was used
Flavors: r-devel-linux-x86_64-debian-clang, r-devel-linux-x86_64-debian-gcc, r-devel-linux-x86_64-fedora-clang, r-devel-linux-x86_64-fedora-gcc, r-devel-windows-x86_64, r-patched-linux-x86_64, r-release-linux-x86_64, r-release-macos-x86_64, r-release-windows-x86_64, r-oldrel-macos-x86_64, r-oldrel-windows-ix86+x86_64
Version: 0.3.13
Check: installed package size
Result: NOTE
installed size is 12.8Mb
sub-directories of 1Mb or more:
blp 7.1Mb
libs 4.7Mb
Flavors: r-devel-linux-x86_64-fedora-clang, r-devel-windows-x86_64, r-release-macos-x86_64, r-release-windows-x86_64, r-oldrel-macos-x86_64, r-oldrel-windows-ix86+x86_64
Version: 0.3.13
Check: whether package can be installed
Result: ERROR
Installation failed.
Flavors: r-release-macos-arm64, r-oldrel-macos-arm64