Last updated on 2022-08-08 04:50:49 CEST.
Flavor | Version | Tinstall | Tcheck | Ttotal | Status | Flags |
---|---|---|---|---|---|---|
r-devel-linux-x86_64-debian-clang | 2.7-2 | 42.42 | 256.12 | 298.54 | OK | |
r-devel-linux-x86_64-debian-gcc | 2.7-2 | 31.20 | 185.42 | 216.62 | OK | |
r-devel-linux-x86_64-fedora-clang | 2.7-2 | 389.50 | NOTE | |||
r-devel-linux-x86_64-fedora-gcc | 2.7-2 | OK | ||||
r-devel-windows-x86_64 | 2.7-2 | 86.00 | 295.00 | 381.00 | NOTE | |
r-patched-linux-x86_64 | 2.7-2 | 52.11 | 261.48 | 313.59 | OK | |
r-release-linux-x86_64 | 2.7-2 | OK | ||||
r-release-macos-arm64 | 2.7-2 | 147.00 | NOTE | |||
r-release-macos-x86_64 | 2.7-2 | 254.00 | NOTE | |||
r-release-windows-x86_64 | 2.7-2 | 90.00 | 268.00 | 358.00 | NOTE | |
r-oldrel-macos-arm64 | 2.7-2 | 79.00 | NOTE | |||
r-oldrel-macos-x86_64 | 2.7-2 | 207.00 | NOTE | |||
r-oldrel-windows-ix86+x86_64 | 2.7-2 | 74.00 | 273.00 | 347.00 | NOTE |
Version: 2.7-2
Check: installed package size
Result: NOTE
installed size is 7.6Mb
sub-directories of 1Mb or more:
R 1.2Mb
doc 3.4Mb
po 2.4Mb
Flavors: r-devel-linux-x86_64-fedora-clang, r-devel-windows-x86_64, r-release-macos-arm64, r-release-macos-x86_64, r-release-windows-x86_64, r-oldrel-macos-arm64, r-oldrel-macos-x86_64, r-oldrel-windows-ix86+x86_64