CRAN Package Check Results for Package RcmdrPlugin.BiclustGUI

Last updated on 2019-09-24 10:51:30 CEST.

Flavor Version Tinstall Tcheck Ttotal Status Flags
r-devel-linux-x86_64-debian-clang 1.1.1 48.06 303.09 351.15 NOTE
r-devel-linux-x86_64-debian-gcc 1.1.1 39.16 232.31 271.47 NOTE
r-devel-linux-x86_64-fedora-clang 1.1.1 399.06 NOTE
r-devel-linux-x86_64-fedora-gcc 1.1.1 398.44 NOTE
r-devel-windows-ix86+x86_64 1.1.1 143.00 438.00 581.00 NOTE
r-patched-linux-x86_64 1.1.1 44.51 289.27 333.78 NOTE
r-patched-solaris-x86 1.1.1 624.40 NOTE
r-release-linux-x86_64 1.1.1 47.01 292.84 339.85 NOTE
r-release-windows-ix86+x86_64 1.1.1 143.00 415.00 558.00 NOTE
r-release-osx-x86_64 1.1.1 ERROR
r-oldrel-windows-ix86+x86_64 1.1.1 65.00 305.00 370.00 NOTE
r-oldrel-osx-x86_64 1.1.1 NOTE

Check Details

Version: 1.1.1
Check: package dependencies
Result: NOTE
    Depends: includes the non-default packages:
     'biclust', 'fabia', 'iBBiG', 'superbiclust', 'BcDiag', 'rqubic',
     'BicARE', 's4vd', 'BiBitR'
    Adding so many packages to the search path is excessive and importing
    selectively is preferable.
Flavors: r-devel-linux-x86_64-debian-clang, r-devel-linux-x86_64-debian-gcc, r-devel-linux-x86_64-fedora-clang, r-devel-linux-x86_64-fedora-gcc, r-devel-windows-ix86+x86_64, r-patched-linux-x86_64, r-patched-solaris-x86, r-release-linux-x86_64, r-release-windows-ix86+x86_64

Version: 1.1.1
Check: package dependencies
Result: ERROR
    Packages required but not available:
     'fabia', 'iBBiG', 'superbiclust', 'BcDiag', 'rqubic', 'BicARE'
    
    Depends: includes the non-default packages:
     'biclust', 'fabia', 'iBBiG', 'superbiclust', 'BcDiag', 'rqubic',
     'BicARE', 's4vd', 'BiBitR'
    Adding so many packages to the search path is excessive and importing
    selectively is preferable.
    
    See section ‘The DESCRIPTION file’ in the ‘Writing R Extensions’
    manual.
Flavor: r-release-osx-x86_64

Version: 1.1.1
Check: package dependencies
Result: NOTE
    Depends: includes the non-default packages:
     'biclust' 'fabia' 'iBBiG' 'superbiclust' 'BcDiag' 'rqubic' 'BicARE'
     's4vd' 'BiBitR'
    Adding so many packages to the search path is excessive and importing
    selectively is preferable.
Flavors: r-oldrel-windows-ix86+x86_64, r-oldrel-osx-x86_64