Last updated on 2023-09-23 18:54:20 CEST.
Flavor | Version | Tinstall | Tcheck | Ttotal | Status | Flags |
---|---|---|---|---|---|---|
r-devel-linux-x86_64-debian-clang | 1.1-47 | 25.12 | 198.28 | 223.40 | NOTE | |
r-devel-linux-x86_64-debian-gcc | 1.1-47 | 19.70 | 160.13 | 179.83 | NOTE | |
r-devel-linux-x86_64-fedora-clang | 1.1-47 | 277.84 | NOTE | |||
r-devel-linux-x86_64-fedora-gcc | 1.1-47 | 272.77 | NOTE | |||
r-devel-windows-x86_64 | 1.1-47 | 28.00 | 197.00 | 225.00 | NOTE | |
r-patched-linux-x86_64 | 1.1-47 | 24.25 | 187.24 | 211.49 | OK | |
r-release-linux-x86_64 | 1.1-47 | 20.57 | 190.20 | 210.77 | OK | |
r-release-macos-arm64 | 1.1-47 | 80.00 | OK | |||
r-release-macos-x86_64 | 1.1-47 | 132.00 | OK | |||
r-release-windows-x86_64 | 1.1-47 | 29.00 | 207.00 | 236.00 | OK | |
r-oldrel-macos-arm64 | 1.1-47 | 84.00 | OK | |||
r-oldrel-macos-x86_64 | 1.1-47 | 188.00 | OK | |||
r-oldrel-windows-x86_64 | 1.1-47 | 30.00 | 181.00 | 211.00 | OK |
Version: 1.1-47
Check: Rd metadata
Result: NOTE
Invalid package aliases in Rd file 'Rcmdr.HH-package.Rd':
‘Rcmdr.HH-package’
Flavors: r-devel-linux-x86_64-debian-clang, r-devel-linux-x86_64-debian-gcc, r-devel-linux-x86_64-fedora-clang, r-devel-linux-x86_64-fedora-gcc, r-devel-windows-x86_64
Version: 1.1-47
Check: Rd cross-references
Result: NOTE
Undeclared packages ‘car’, ‘leaps’, ‘latticeExtra’, ‘rgl’ in Rd xrefs
Flavor: r-devel-linux-x86_64-fedora-clang