CRAN Package Check Results for Package RcmdrPlugin.HH

Last updated on 2022-09-28 13:52:00 CEST.

Flavor Version Tinstall Tcheck Ttotal Status Flags
r-devel-linux-x86_64-debian-clang 1.1-47 25.32 181.54 206.86 OK
r-devel-linux-x86_64-debian-gcc 1.1-47 19.26 134.11 153.37 OK
r-devel-linux-x86_64-fedora-clang 1.1-47 272.01 NOTE
r-devel-linux-x86_64-fedora-gcc 1.1-47 271.38 OK
r-devel-windows-x86_64 1.1-47 71.00 226.00 297.00 OK
r-patched-linux-x86_64 1.1-47 27.40 182.42 209.82 OK
r-release-linux-x86_64 1.1-47 26.02 179.97 205.99 OK
r-release-macos-arm64 1.1-47 84.00 OK
r-release-macos-x86_64 1.1-47 188.00 OK
r-release-windows-x86_64 1.1-47 56.00 224.00 280.00 OK
r-oldrel-macos-arm64 1.1-47 83.00 OK
r-oldrel-macos-x86_64 1.1-47 169.00 OK
r-oldrel-windows-ix86+x86_64 1.1-47 54.00 192.00 246.00 OK

Check Details

Version: 1.1-47
Check: Rd cross-references
Result: NOTE
    Undeclared packages ‘car’, ‘leaps’, ‘latticeExtra’, ‘rgl’ in Rd xrefs
Flavor: r-devel-linux-x86_64-fedora-clang