Last updated on 2022-05-25 06:54:39 CEST.
Flavor | Version | Tinstall | Tcheck | Ttotal | Status | Flags |
---|---|---|---|---|---|---|
r-devel-linux-x86_64-debian-clang | 5.1-1 | 25.56 | 189.38 | 214.94 | NOTE | |
r-devel-linux-x86_64-debian-gcc | 5.1-1 | 19.25 | 142.44 | 161.69 | NOTE | |
r-devel-linux-x86_64-fedora-clang | 5.1-1 | 262.74 | NOTE | |||
r-devel-linux-x86_64-fedora-gcc | 5.1-1 | 259.66 | NOTE | |||
r-devel-windows-x86_64 | 5.1-1 | 54.00 | 217.00 | 271.00 | NOTE | |
r-patched-linux-x86_64 | 5.1-1 | 23.99 | 176.90 | 200.89 | NOTE | |
r-release-linux-x86_64 | 5.1-1 | NOTE | ||||
r-release-macos-arm64 | 5.1-1 | 81.00 | NOTE | |||
r-release-macos-x86_64 | 5.1-1 | 199.00 | NOTE | |||
r-release-windows-x86_64 | 5.1-1 | 48.00 | 205.00 | 253.00 | NOTE | |
r-oldrel-macos-arm64 | 5.1-1 | 72.00 | NOTE | |||
r-oldrel-macos-x86_64 | 5.1-1 | 117.00 | NOTE | |||
r-oldrel-windows-ix86+x86_64 | 5.1-1 | 45.00 | 190.00 | 235.00 | NOTE |
Version: 5.1-1
Check: package dependencies
Result: NOTE
Depends: includes the non-default packages:
'IQCC', 'qcc', 'qicharts2', 'randtests', 'rmarkdown',
'TeachingDemos', 'tseries'
Adding so many packages to the search path is excessive and importing
selectively is preferable.
Flavors: r-devel-linux-x86_64-debian-clang, r-devel-linux-x86_64-debian-gcc, r-devel-linux-x86_64-fedora-clang, r-devel-linux-x86_64-fedora-gcc, r-devel-windows-x86_64, r-patched-linux-x86_64, r-release-linux-x86_64, r-release-macos-arm64, r-release-macos-x86_64, r-release-windows-x86_64, r-oldrel-macos-arm64, r-oldrel-macos-x86_64, r-oldrel-windows-ix86+x86_64