CRAN Package Check Results for Package Rcompadre

Last updated on 2022-01-25 00:49:59 CET.

Flavor Version Tinstall Tcheck Ttotal Status Flags
r-devel-linux-x86_64-debian-clang 1.1.0 13.33 138.53 151.86 OK
r-devel-linux-x86_64-debian-gcc 1.1.0 9.55 105.01 114.56 OK
r-devel-linux-x86_64-fedora-clang 1.1.0 188.77 NOTE
r-devel-linux-x86_64-fedora-gcc 1.1.0 182.63 NOTE
r-devel-windows-x86_64-new-UL 1.1.0 118.00 170.00 288.00 OK
r-devel-windows-x86_64-new-TK 1.1.0 NOTE
r-patched-linux-x86_64 1.1.0 12.93 147.30 160.23 OK
r-release-linux-x86_64 1.1.0 12.17 146.36 158.53 OK
r-release-macos-arm64 1.1.0 NOTE
r-release-macos-x86_64 1.1.0 NOTE
r-release-windows-ix86+x86_64 1.1.0 29.00 172.00 201.00 OK
r-oldrel-macos-x86_64 1.1.0 NOTE
r-oldrel-windows-ix86+x86_64 1.1.0 27.00 165.00 192.00 OK

Check Details

Version: 1.1.0
Check: data for non-ASCII characters
Result: NOTE
     Note: found 345 marked UTF-8 strings
Flavors: r-devel-linux-x86_64-fedora-clang, r-devel-linux-x86_64-fedora-gcc, r-devel-windows-x86_64-new-TK, r-release-macos-arm64, r-release-macos-x86_64, r-oldrel-macos-x86_64