Last updated on 2021-04-15 04:48:52 CEST.
Flavor | Version | Tinstall | Tcheck | Ttotal | Status | Flags |
---|---|---|---|---|---|---|
r-devel-linux-x86_64-debian-clang | 0.1.2 | 50.00 | 26.99 | 76.99 | OK | |
r-devel-linux-x86_64-debian-gcc | 0.1.2 | 30.68 | 21.33 | 52.01 | OK | |
r-devel-linux-x86_64-fedora-clang | 0.1.2 | 118.60 | NOTE | |||
r-devel-linux-x86_64-fedora-gcc | 0.1.2 | 92.88 | OK | |||
r-devel-windows-ix86+x86_64 | 0.1.2 | 126.00 | 74.00 | 200.00 | OK | |
r-devel-windows-x86_64-gcc10-UCRT | 0.1.2 | OK | ||||
r-patched-linux-x86_64 | 0.1.2 | 36.65 | 25.98 | 62.63 | OK | |
r-patched-solaris-x86 | 0.1.2 | 104.00 | OK | |||
r-release-linux-x86_64 | 0.1.2 | 34.29 | 26.08 | 60.37 | OK | |
r-release-macos-x86_64 | 0.1.2 | OK | ||||
r-release-windows-ix86+x86_64 | 0.1.2 | 106.00 | 76.00 | 182.00 | OK | |
r-oldrel-macos-x86_64 | 0.1.2 | OK | ||||
r-oldrel-windows-ix86+x86_64 | 0.1.2 | 110.00 | 52.00 | 162.00 | OK |
Version: 0.1.2
Check: Rd cross-references
Result: NOTE
Undeclared package ‘RcppExamples’ in Rd xrefs
Flavor: r-devel-linux-x86_64-fedora-clang