CRAN Package Check Results for Package RcppEigen

Last updated on 2022-06-28 22:49:37 CEST.

Flavor Version Tinstall Tcheck Ttotal Status Flags
r-devel-linux-x86_64-debian-clang 0.3.3.9.2 83.08 83.69 166.77 OK
r-devel-linux-x86_64-debian-gcc 0.3.3.9.2 67.59 67.39 134.98 OK
r-devel-linux-x86_64-fedora-clang 0.3.3.9.2 231.64 NOTE
r-devel-linux-x86_64-fedora-gcc 0.3.3.9.2 227.47 OK
r-devel-windows-x86_64 0.3.3.9.2 632.00 288.00 920.00 NOTE
r-patched-linux-x86_64 0.3.3.9.2 69.71 86.57 156.28 OK
r-release-linux-x86_64 0.3.3.9.2 75.24 84.42 159.66 OK
r-release-macos-arm64 0.3.3.9.2 97.00 NOTE
r-release-macos-x86_64 0.3.3.9.2 129.00 NOTE
r-release-windows-x86_64 0.3.3.9.2 634.00 287.00 921.00 NOTE
r-oldrel-macos-arm64 0.3.3.9.2 95.00 NOTE
r-oldrel-macos-x86_64 0.3.3.9.2 123.00 NOTE
r-oldrel-windows-ix86+x86_64 0.3.3.9.2 171.00 401.00 572.00 NOTE

Check Details

Version: 0.3.3.9.2
Check: installed package size
Result: NOTE
     installed size is 30.3Mb
     sub-directories of 1Mb or more:
     include 7.9Mb
     libs 21.8Mb
Flavors: r-devel-linux-x86_64-fedora-clang, r-devel-windows-x86_64, r-release-macos-arm64, r-release-macos-x86_64, r-release-windows-x86_64, r-oldrel-macos-arm64, r-oldrel-macos-x86_64, r-oldrel-windows-ix86+x86_64