CRAN Package Check Results for Package RcppEigenAD

Last updated on 2020-01-21 14:47:34 CET.

Flavor Version Tinstall Tcheck Ttotal Status Flags
r-devel-linux-x86_64-debian-clang 1.0.0 26.19 33.98 60.17 OK
r-devel-linux-x86_64-debian-gcc 1.0.0 16.50 26.71 43.21 OK
r-devel-linux-x86_64-fedora-clang 1.0.0 74.94 NOTE
r-devel-linux-x86_64-fedora-gcc 1.0.0 70.10 NOTE
r-devel-windows-ix86+x86_64 1.0.0 72.00 117.00 189.00 OK
r-devel-windows-ix86+x86_64-gcc8 1.0.0 77.00 76.00 153.00 OK
r-patched-linux-x86_64 1.0.0 19.16 30.61 49.77 OK
r-patched-solaris-x86 1.0.0 92.00 NOTE
r-release-linux-x86_64 1.0.0 16.53 30.45 46.98 OK
r-release-windows-ix86+x86_64 1.0.0 50.00 109.00 159.00 OK
r-release-osx-x86_64 1.0.0 NOTE
r-oldrel-windows-ix86+x86_64 1.0.0 45.00 67.00 112.00 OK
r-oldrel-osx-x86_64 1.0.0 NOTE

Check Details

Version: 1.0.0
Check: dependencies in R code
Result: NOTE
    Namespace in Imports field not imported from: ‘RcppEigen’
     All declared Imports should be used.
Flavors: r-devel-linux-x86_64-fedora-clang, r-devel-linux-x86_64-fedora-gcc, r-patched-solaris-x86, r-release-osx-x86_64, r-oldrel-osx-x86_64