CRAN Package Check Results for Package RcppEigenAD

Last updated on 2019-08-25 22:47:11 CEST.

Flavor Version Tinstall Tcheck Ttotal Status Flags
r-devel-linux-x86_64-debian-clang 1.0.0 20.24 32.23 52.47 OK
r-devel-linux-x86_64-debian-gcc 1.0.0 16.28 25.44 41.72 OK
r-devel-linux-x86_64-fedora-clang 1.0.0 73.31 NOTE
r-devel-linux-x86_64-fedora-gcc 1.0.0 69.51 NOTE
r-devel-windows-ix86+x86_64 1.0.0 77.00 66.00 143.00 OK
r-patched-linux-x86_64 1.0.0 20.33 31.47 51.80 OK
r-patched-solaris-x86 1.0.0 88.30 NOTE
r-release-linux-x86_64 1.0.0 19.65 31.35 51.00 OK
r-release-windows-ix86+x86_64 1.0.0 65.00 94.00 159.00 OK
r-release-osx-x86_64 1.0.0 NOTE
r-oldrel-windows-ix86+x86_64 1.0.0 80.00 108.00 188.00 OK
r-oldrel-osx-x86_64 1.0.0 NOTE

Check Details

Version: 1.0.0
Check: dependencies in R code
Result: NOTE
    Namespace in Imports field not imported from: ‘RcppEigen’
     All declared Imports should be used.
Flavors: r-devel-linux-x86_64-fedora-clang, r-devel-linux-x86_64-fedora-gcc, r-patched-solaris-x86, r-release-osx-x86_64, r-oldrel-osx-x86_64