CRAN Package Check Results for Package RcppQuantuccia

Last updated on 2022-01-28 09:52:59 CET.

Flavor Version Tinstall Tcheck Ttotal Status Flags
r-devel-linux-x86_64-debian-clang 0.1.0 154.86 36.98 191.84 OK
r-devel-linux-x86_64-debian-gcc 0.1.0 109.83 28.85 138.68 OK
r-devel-linux-x86_64-fedora-clang 0.1.0 320.06 NOTE
r-devel-linux-x86_64-fedora-gcc 0.1.0 245.48 OK
r-devel-windows-x86_64-new-UL 0.1.0 360.00 95.00 455.00 OK
r-devel-windows-x86_64-new-TK 0.1.0 OK
r-patched-linux-x86_64 0.1.0 138.58 34.71 173.29 OK
r-release-linux-x86_64 0.1.0 136.64 34.23 170.87 OK
r-release-macos-arm64 0.1.0 NOTE
r-release-macos-x86_64 0.1.0 NOTE
r-release-windows-ix86+x86_64 0.1.0 408.00 94.00 502.00 OK
r-oldrel-macos-x86_64 0.1.0 NOTE
r-oldrel-windows-ix86+x86_64 0.1.0 408.00 91.00 499.00 OK

Check Details

Version: 0.1.0
Check: installed package size
Result: NOTE
     installed size is 8.2Mb
     sub-directories of 1Mb or more:
     libs 8.1Mb
Flavors: r-devel-linux-x86_64-fedora-clang, r-release-macos-arm64, r-release-macos-x86_64, r-oldrel-macos-x86_64