CRAN Package Check Results for Package RcppStreams

Last updated on 2020-02-23 10:49:02 CET.

Flavor Version Tinstall Tcheck Ttotal Status Flags
r-devel-linux-x86_64-debian-clang 0.1.3 76.31 22.45 98.76 OK
r-devel-linux-x86_64-debian-gcc 0.1.3 59.00 18.15 77.15 OK
r-devel-linux-x86_64-fedora-clang 0.1.3 142.83 OK
r-devel-linux-x86_64-fedora-gcc 0.1.3 144.72 OK
r-devel-windows-ix86+x86_64 0.1.3 159.00 58.00 217.00 OK
r-devel-windows-ix86+x86_64-gcc8 0.1.3 250.00 82.00 332.00 OK
r-patched-linux-x86_64 0.1.3 OK
r-patched-solaris-x86 0.1.3 147.50 OK
r-release-linux-x86_64 0.1.3 70.55 21.15 91.70 OK
r-release-windows-ix86+x86_64 0.1.3 150.00 58.00 208.00 OK
r-release-osx-x86_64 0.1.3 NOTE
r-oldrel-windows-ix86+x86_64 0.1.3 214.00 68.00 282.00 OK
r-oldrel-osx-x86_64 0.1.3 OK

Check Details

Version: 0.1.3
Check: installed package size
Result: NOTE
     installed size is 5.0Mb
     sub-directories of 1Mb or more:
     libs 4.2Mb
Flavor: r-release-osx-x86_64