CRAN Package Check Results for Package RcppStreams

Last updated on 2019-10-14 03:47:43 CEST.

Flavor Version Tinstall Tcheck Ttotal Status Flags
r-devel-linux-x86_64-debian-clang 0.1.3 76.00 21.01 97.01 OK
r-devel-linux-x86_64-debian-gcc 0.1.3 61.44 17.22 78.66 OK
r-devel-linux-x86_64-fedora-clang 0.1.3 145.95 NOTE
r-devel-linux-x86_64-fedora-gcc 0.1.3 139.62 OK
r-devel-windows-ix86+x86_64 0.1.3 162.00 76.00 238.00 OK
r-patched-linux-x86_64 0.1.3 67.77 21.06 88.83 OK
r-patched-solaris-x86 0.1.3 146.80 OK
r-release-linux-x86_64 0.1.3 67.90 20.87 88.77 OK
r-release-windows-ix86+x86_64 0.1.3 224.00 59.00 283.00 OK
r-release-osx-x86_64 0.1.3 NOTE
r-oldrel-windows-ix86+x86_64 0.1.3 158.00 59.00 217.00 OK
r-oldrel-osx-x86_64 0.1.3 OK

Check Details

Version: 0.1.3
Check: installed package size
Result: NOTE
     installed size is 5.1Mb
     sub-directories of 1Mb or more:
     libs 4.3Mb
Flavors: r-devel-linux-x86_64-fedora-clang, r-release-osx-x86_64