CRAN Package Check Results for Package RcppUUID

Last updated on 2024-05-23 02:58:02 CEST.

Flavor Version Tinstall Tcheck Ttotal Status Flags
r-devel-linux-x86_64-debian-clang 1.1.1 28.67 29.13 57.80 NOTE
r-devel-linux-x86_64-debian-gcc 1.1.1 20.55 22.29 42.84 NOTE
r-devel-linux-x86_64-fedora-clang 1.1.1 84.58 NOTE
r-devel-linux-x86_64-fedora-gcc 1.1.1 78.49 NOTE
r-devel-windows-x86_64 1.1.1 25.00 70.00 95.00 NOTE
r-patched-linux-x86_64 1.1.1 30.89 26.88 57.77 NOTE
r-release-linux-x86_64 1.1.1 30.58 27.63 58.21 NOTE
r-release-macos-arm64 1.1.1 24.00 NOTE
r-release-windows-x86_64 1.1.1 26.00 85.00 111.00 NOTE
r-oldrel-macos-arm64 1.1.1 26.00 NOTE
r-oldrel-macos-x86_64 1.1.1 38.00 NOTE
r-oldrel-windows-x86_64 1.1.1 24.00 79.00 103.00 NOTE

Check Details

Version: 1.1.1
Check: C++ specification
Result: NOTE Specified C++11: please drop specification unless essential Flavors: r-devel-linux-x86_64-debian-clang, r-devel-linux-x86_64-debian-gcc, r-devel-linux-x86_64-fedora-clang, r-devel-linux-x86_64-fedora-gcc, r-devel-windows-x86_64, r-patched-linux-x86_64, r-release-linux-x86_64, r-release-macos-arm64, r-release-windows-x86_64, r-oldrel-macos-arm64, r-oldrel-macos-x86_64, r-oldrel-windows-x86_64