CRAN Package Check Results for Package Rcrawler

Last updated on 2024-07-22 12:53:50 CEST.

Flavor Version Tinstall Tcheck Ttotal Status Flags
r-devel-linux-x86_64-debian-clang 0.1.9-1 8.92 53.17 62.09 NOTE
r-devel-linux-x86_64-debian-gcc 0.1.9-1 5.56 39.11 44.67 NOTE
r-devel-linux-x86_64-fedora-clang 0.1.9-1 77.30 NOTE
r-devel-linux-x86_64-fedora-gcc 0.1.9-1 76.71 NOTE
r-devel-windows-x86_64 0.1.9-1 8.00 80.00 88.00 NOTE
r-patched-linux-x86_64 0.1.9-1 6.98 51.12 58.10 NOTE
r-release-linux-x86_64 0.1.9-1 6.74 50.47 57.21 NOTE
r-release-macos-arm64 0.1.9-1 19.00 NOTE
r-release-macos-x86_64 0.1.9-1 31.00 NOTE
r-release-windows-x86_64 0.1.9-1 8.00 61.00 69.00 NOTE
r-oldrel-macos-arm64 0.1.9-1 23.00 NOTE
r-oldrel-macos-x86_64 0.1.9-1 37.00 NOTE
r-oldrel-windows-x86_64 0.1.9-1 10.00 64.00 74.00 NOTE

Check Details

Version: 0.1.9-1
Check: LazyData
Result: NOTE 'LazyData' is specified without a 'data' directory Flavors: r-devel-linux-x86_64-debian-clang, r-devel-linux-x86_64-debian-gcc, r-devel-linux-x86_64-fedora-clang, r-devel-linux-x86_64-fedora-gcc, r-devel-windows-x86_64, r-patched-linux-x86_64, r-release-linux-x86_64, r-release-macos-arm64, r-release-macos-x86_64, r-release-windows-x86_64, r-oldrel-macos-arm64, r-oldrel-macos-x86_64, r-oldrel-windows-x86_64