CRAN Package Check Results for Package RealVAMS

Last updated on 2024-02-28 19:49:46 CET.

Flavor Version Tinstall Tcheck Ttotal Status Flags
r-devel-linux-x86_64-debian-clang 0.4-5 46.00 88.11 134.11 NOTE
r-devel-linux-x86_64-debian-gcc 0.4-5 32.36 65.91 98.27 NOTE
r-devel-linux-x86_64-fedora-clang 0.4-5 180.31 NOTE
r-devel-linux-x86_64-fedora-gcc 0.4-5 178.78 NOTE
r-devel-windows-x86_64 0.4-5 37.00 104.00 141.00 NOTE
r-patched-linux-x86_64 0.4-5 51.42 84.82 136.24 NOTE
r-release-linux-x86_64 0.4-5 43.47 87.11 130.58 NOTE
r-release-macos-arm64 0.4-5 50.00 NOTE
r-release-macos-x86_64 0.4-5 82.00 NOTE
r-release-windows-x86_64 0.4-5 47.00 123.00 170.00 NOTE
r-oldrel-macos-arm64 0.4-5 46.00 OK
r-oldrel-windows-x86_64 0.4-5 45.00 115.00 160.00 OK

Check Details

Version: 0.4-5
Check: C++ specification
Result: NOTE Specified C++11: please drop specification unless essential Flavors: r-devel-linux-x86_64-debian-clang, r-devel-linux-x86_64-debian-gcc, r-devel-linux-x86_64-fedora-clang, r-devel-linux-x86_64-fedora-gcc, r-devel-windows-x86_64, r-patched-linux-x86_64, r-release-linux-x86_64, r-release-macos-arm64, r-release-macos-x86_64, r-release-windows-x86_64

Version: 0.4-5
Check: Rd files
Result: NOTE checkRd: (-1) RealVAMS.Rd:133: Lost braces; missing escapes or markup? 133 | \code{diag(sqrt.w)\%*\%R\%*\%diag(sqrt.w)}. The matrix R assumes a variance of 1 for all of the binomial responses, while R.full includes the variance from the binomial distribution (in Wolfinger (1993), diag(sqrt.w) is called R_{mu}).} | ^ Flavors: r-devel-linux-x86_64-debian-clang, r-devel-linux-x86_64-debian-gcc, r-devel-linux-x86_64-fedora-clang, r-devel-linux-x86_64-fedora-gcc