CRAN Package Check Results for Package RedditExtractoR

Last updated on 2022-01-28 02:51:09 CET.

Flavor Version Tinstall Tcheck Ttotal Status Flags
r-devel-linux-x86_64-debian-clang 3.0.5 2.74 33.76 36.50 OK
r-devel-linux-x86_64-debian-gcc 3.0.5 2.47 26.59 29.06 OK
r-devel-linux-x86_64-fedora-clang 3.0.5 44.71 NOTE
r-devel-linux-x86_64-fedora-gcc 3.0.5 33.88 NOTE
r-devel-windows-x86_64-new-UL 3.0.5 94.00 61.00 155.00 OK
r-devel-windows-x86_64-new-TK 3.0.5 NOTE
r-patched-linux-x86_64 3.0.5 2.36 32.15 34.51 OK
r-release-linux-x86_64 3.0.5 2.24 32.41 34.65 OK
r-release-macos-arm64 3.0.5 NOTE
r-release-macos-x86_64 3.0.5 NOTE
r-release-windows-ix86+x86_64 3.0.5 7.00 43.00 50.00 OK
r-oldrel-macos-x86_64 2.1.5 OK
r-oldrel-windows-ix86+x86_64 2.1.5 20.00 58.00 78.00 OK

Check Details

Version: 3.0.5
Check: dependencies in R code
Result: NOTE
    Namespace in Imports field not imported from: ‘rlang’
     All declared Imports should be used.
Flavors: r-devel-linux-x86_64-fedora-clang, r-devel-linux-x86_64-fedora-gcc, r-devel-windows-x86_64-new-TK, r-release-macos-arm64, r-release-macos-x86_64