CRAN Package Check Results for Package RefManageR

Last updated on 2021-04-10 20:49:20 CEST.

Flavor Version Tinstall Tcheck Ttotal Status Flags
r-devel-linux-x86_64-debian-clang 1.3.0 12.28 140.25 152.53 OK
r-devel-linux-x86_64-debian-gcc 1.3.0 8.47 104.16 112.63 OK
r-devel-linux-x86_64-fedora-clang 1.3.0 183.37 NOTE
r-devel-linux-x86_64-fedora-gcc 1.3.0 175.05 OK
r-devel-windows-ix86+x86_64 1.3.0 15.00 136.00 151.00 OK
r-devel-windows-x86_64-gcc10-UCRT 1.3.0 OK
r-patched-linux-x86_64 1.3.0 10.70 133.21 143.91 OK
r-patched-solaris-x86 1.3.0 231.80 OK
r-release-linux-x86_64 1.3.0 11.44 132.16 143.60 OK
r-release-macos-x86_64 1.3.0 OK
r-release-windows-ix86+x86_64 1.3.0 15.00 176.00 191.00 OK
r-oldrel-macos-x86_64 1.3.0 OK
r-oldrel-windows-ix86+x86_64 1.3.0 18.00 169.00 187.00 OK

Check Details

Version: 1.3.0
Check: package dependencies
Result: NOTE
    Suggests orphaned package: ‘bibtex’
Flavor: r-devel-linux-x86_64-fedora-clang