CRAN Package Check Results for Package Relectoral

Last updated on 2020-12-02 07:49:27 CET.

Flavor Version Tinstall Tcheck Ttotal Status Flags
r-devel-linux-x86_64-debian-clang 0.1.0 19.05 124.04 143.09 OK
r-devel-linux-x86_64-debian-gcc 0.1.0 12.97 92.65 105.62 OK
r-devel-linux-x86_64-fedora-clang 0.1.0 170.25 NOTE
r-devel-linux-x86_64-fedora-gcc 0.1.0 168.17 NOTE
r-devel-windows-ix86+x86_64 0.1.0 27.00 124.00 151.00 OK
r-patched-linux-x86_64 0.1.0 15.95 115.35 131.30 OK
r-patched-solaris-x86 0.1.0 192.90 NOTE
r-release-linux-x86_64 0.1.0 15.09 115.35 130.44 OK
r-release-macos-x86_64 0.1.0 NOTE
r-release-windows-ix86+x86_64 0.1.0 18.00 98.00 116.00 OK
r-oldrel-macos-x86_64 0.1.0 NOTE
r-oldrel-windows-ix86+x86_64 0.1.0 14.00 6.00 20.00 ERROR

Check Details

Version: 0.1.0
Check: dependencies in R code
Result: NOTE
    Namespace in Imports field not imported from: ‘rmarkdown’
     All declared Imports should be used.
Flavors: r-devel-linux-x86_64-fedora-clang, r-devel-linux-x86_64-fedora-gcc, r-patched-solaris-x86, r-release-macos-x86_64, r-oldrel-macos-x86_64

Version: 0.1.0
Check: whether package can be installed
Result: ERROR
    Installation failed.
Flavor: r-oldrel-windows-ix86+x86_64