CRAN Package Check Results for Package Relexon

Last updated on 2019-09-16 20:47:56 CEST.

Flavor Version Tinstall Tcheck Ttotal Status Flags
r-devel-linux-x86_64-debian-clang 0.1.0 2.12 17.58 19.70 OK
r-devel-linux-x86_64-debian-gcc 0.1.0 1.66 14.47 16.13 OK
r-devel-linux-x86_64-fedora-clang 0.1.0 24.95 NOTE
r-devel-linux-x86_64-fedora-gcc 0.1.0 23.71 NOTE
r-devel-windows-ix86+x86_64 0.1.0 7.00 32.00 39.00 OK
r-patched-linux-x86_64 0.1.0 1.60 17.66 19.26 OK
r-patched-solaris-x86 0.1.0 37.20 NOTE
r-release-linux-x86_64 0.1.0 1.86 18.22 20.08 OK
r-release-windows-ix86+x86_64 0.1.0 5.00 33.00 38.00 OK
r-release-osx-x86_64 0.1.0 NOTE
r-oldrel-windows-ix86+x86_64 0.1.0 4.00 31.00 35.00 OK
r-oldrel-osx-x86_64 0.1.0 NOTE

Check Details

Version: 0.1.0
Check: data for non-ASCII characters
Result: NOTE
     Note: found 1 marked UTF-8 string
Flavors: r-devel-linux-x86_64-fedora-clang, r-devel-linux-x86_64-fedora-gcc, r-patched-solaris-x86, r-release-osx-x86_64, r-oldrel-osx-x86_64