CRAN Package Check Results for Package Revticulate

Last updated on 2023-09-21 09:57:59 CEST.

Flavor Version Tinstall Tcheck Ttotal Status Flags
r-devel-linux-x86_64-debian-clang 1.0.0 4.98 38.69 43.67 OK
r-devel-linux-x86_64-debian-gcc 1.0.0 3.71 29.20 32.91 OK
r-devel-linux-x86_64-fedora-clang 1.0.0 54.74 OK
r-devel-linux-x86_64-fedora-gcc 1.0.0 56.64 OK
r-devel-windows-x86_64 1.0.0 6.00 52.00 58.00 OK
r-patched-linux-x86_64 1.0.0 5.41 37.16 42.57 OK
r-release-linux-x86_64 1.0.0 4.51 36.97 41.48 OK
r-release-macos-arm64 1.0.0 20.00 NOTE
r-release-macos-x86_64 1.0.0 29.00 OK
r-release-windows-x86_64 1.0.0 7.00 56.00 63.00 OK
r-oldrel-macos-arm64 1.0.0 16.00 NOTE
r-oldrel-macos-x86_64 1.0.0 35.00 NOTE
r-oldrel-windows-x86_64 1.0.0 8.00 57.00 65.00 OK

Check Details

Version: 1.0.0
Check: package dependencies
Result: NOTE
    Package suggested but not available for checking: ‘RevGadgets’
Flavors: r-release-macos-arm64, r-oldrel-macos-arm64, r-oldrel-macos-x86_64