CRAN Package Check Results for Package Rfast2

Last updated on 2023-11-30 05:51:04 CET.

Flavor Version Tinstall Tcheck Ttotal Status Flags
r-devel-linux-x86_64-debian-clang 0.1.5.1 595.86 83.74 679.60 OK
r-devel-linux-x86_64-debian-gcc 0.1.5.1 421.93 61.50 483.43 OK
r-devel-linux-x86_64-fedora-clang 0.1.5.1 1006.99 OK
r-devel-linux-x86_64-fedora-gcc 0.1.5.1 1052.54 OK
r-devel-windows-x86_64 0.1.5.1 452.00 137.00 589.00 OK
r-patched-linux-x86_64 0.1.5.1 523.65 79.21 602.86 OK
r-release-linux-x86_64 0.1.5.1 521.12 80.50 601.62 OK
r-release-macos-arm64 0.1.5.1 179.00 NOTE
r-release-macos-x86_64 0.1.5.1 189.00 NOTE
r-release-windows-x86_64 0.1.5.1 601.00 165.00 766.00 OK
r-oldrel-macos-arm64 0.1.5.1 150.00 NOTE
r-oldrel-macos-x86_64 0.1.5.1 260.00 NOTE
r-oldrel-windows-x86_64 0.1.5.1 561.00 142.00 703.00 OK

Check Details

Version: 0.1.5.1
Check: installed package size
Result: NOTE installed size is 22.0Mb sub-directories of 1Mb or more: libs 21.2Mb Flavors: r-release-macos-arm64, r-release-macos-x86_64, r-oldrel-macos-arm64, r-oldrel-macos-x86_64