CRAN Package Check Results for Package RidgeFusion

Last updated on 2020-02-17 17:52:22 CET.

Flavor Version Tinstall Tcheck Ttotal Status Flags
r-devel-linux-x86_64-debian-clang 1.0-3 3.22 30.34 33.56 NOTE
r-devel-linux-x86_64-debian-gcc 1.0-3 2.69 23.55 26.24 NOTE
r-devel-linux-x86_64-fedora-clang 1.0-3 39.76 NOTE
r-devel-linux-x86_64-fedora-gcc 1.0-3 39.15 NOTE
r-devel-windows-ix86+x86_64 1.0-3 7.00 43.00 50.00 NOTE
r-devel-windows-ix86+x86_64-gcc8 1.0-3 11.00 60.00 71.00 NOTE
r-patched-linux-x86_64 1.0-3 2.26 26.32 28.58 NOTE
r-patched-solaris-x86 1.0-3 51.40 NOTE
r-release-linux-x86_64 1.0-3 2.58 26.42 29.00 NOTE
r-release-windows-ix86+x86_64 1.0-3 6.00 40.00 46.00 NOTE
r-release-osx-x86_64 1.0-3 NOTE
r-oldrel-windows-ix86+x86_64 1.0-3 4.00 40.00 44.00 NOTE
r-oldrel-osx-x86_64 1.0-3 NOTE

Check Details

Version: 1.0-3
Check: R code for possible problems
Result: NOTE
    FusedQDA : <anonymous>: no visible global function definition for 'cov'
    RidgeFused: no visible binding for global variable 'cov2cor'
    RidgeFusedCV : <anonymous>: no visible global function definition for
     'cov'
    SSRidgeFused : <anonymous>: no visible global function definition for
     'cov'
    Undefined global functions or variables:
     cov cov2cor
    Consider adding
     importFrom("stats", "cov", "cov2cor")
    to your NAMESPACE file.
Flavors: r-devel-linux-x86_64-debian-clang, r-devel-linux-x86_64-debian-gcc, r-devel-linux-x86_64-fedora-clang, r-devel-linux-x86_64-fedora-gcc, r-devel-windows-ix86+x86_64, r-devel-windows-ix86+x86_64-gcc8, r-patched-linux-x86_64, r-patched-solaris-x86, r-release-linux-x86_64, r-release-windows-ix86+x86_64, r-release-osx-x86_64, r-oldrel-windows-ix86+x86_64, r-oldrel-osx-x86_64