CRAN Package Check Results for Package RidgeFusion

Last updated on 2019-09-18 09:50:37 CEST.

Flavor Version Tinstall Tcheck Ttotal Status Flags
r-devel-linux-x86_64-debian-clang 1.0-3 3.02 26.43 29.45 NOTE
r-devel-linux-x86_64-debian-gcc 1.0-3 2.48 21.00 23.48 NOTE
r-devel-linux-x86_64-fedora-clang 1.0-3 35.95 NOTE
r-devel-linux-x86_64-fedora-gcc 1.0-3 35.52 NOTE
r-devel-windows-ix86+x86_64 1.0-3 10.00 58.00 68.00 NOTE
r-patched-linux-x86_64 1.0-3 2.71 26.11 28.82 NOTE
r-patched-solaris-x86 1.0-3 50.90 NOTE
r-release-linux-x86_64 1.0-3 2.29 26.32 28.61 NOTE
r-release-windows-ix86+x86_64 1.0-3 6.00 40.00 46.00 NOTE
r-release-osx-x86_64 1.0-3 NOTE
r-oldrel-windows-ix86+x86_64 1.0-3 4.00 36.00 40.00 NOTE
r-oldrel-osx-x86_64 1.0-3 NOTE

Check Details

Version: 1.0-3
Check: R code for possible problems
Result: NOTE
    FusedQDA : <anonymous>: no visible global function definition for 'cov'
    RidgeFused: no visible binding for global variable 'cov2cor'
    RidgeFusedCV : <anonymous>: no visible global function definition for
     'cov'
    SSRidgeFused : <anonymous>: no visible global function definition for
     'cov'
    Undefined global functions or variables:
     cov cov2cor
    Consider adding
     importFrom("stats", "cov", "cov2cor")
    to your NAMESPACE file.
Flavors: r-devel-linux-x86_64-debian-clang, r-devel-linux-x86_64-debian-gcc, r-devel-linux-x86_64-fedora-clang, r-devel-linux-x86_64-fedora-gcc, r-devel-windows-ix86+x86_64, r-patched-linux-x86_64, r-patched-solaris-x86, r-release-linux-x86_64, r-release-windows-ix86+x86_64, r-release-osx-x86_64, r-oldrel-windows-ix86+x86_64, r-oldrel-osx-x86_64