Last updated on 2023-03-30 07:54:11 CEST.
Flavor | Version | Tinstall | Tcheck | Ttotal | Status | Flags |
---|---|---|---|---|---|---|
r-devel-linux-x86_64-debian-clang | 0.2.5 | 50.96 | 33.10 | 84.06 | NOTE | |
r-devel-linux-x86_64-debian-gcc | 0.2.5 | 43.78 | 25.95 | 69.73 | NOTE | |
r-devel-linux-x86_64-fedora-clang | 0.2.5 | 120.37 | NOTE | |||
r-devel-linux-x86_64-fedora-gcc | 0.2.5 | 117.45 | NOTE | |||
r-devel-windows-x86_64 | 0.2.5 | 55.00 | 0.00 | 55.00 | NOTE | |
r-patched-linux-x86_64 | 0.2.5 | 45.73 | 32.33 | 78.06 | NOTE | |
r-release-linux-x86_64 | 0.2.5 | 44.94 | 33.20 | 78.14 | OK | |
r-release-macos-arm64 | 0.2.5 | 35.00 | NOTE | |||
r-release-macos-x86_64 | 0.2.5 | 44.00 | NOTE | |||
r-release-windows-x86_64 | 0.2.5 | 60.00 | 84.00 | 144.00 | OK | |
r-oldrel-macos-arm64 | 0.2.5 | 42.00 | NOTE | |||
r-oldrel-macos-x86_64 | 0.2.5 | 48.00 | NOTE | |||
r-oldrel-windows-ix86+x86_64 | 0.2.5 | 122.00 | 87.00 | 209.00 | OK |
Version: 0.2.5
Check: C++ specification
Result: NOTE
Specified C++11: please drop specification unless essential
Flavors: r-devel-linux-x86_64-debian-clang, r-devel-linux-x86_64-debian-gcc, r-devel-linux-x86_64-fedora-clang, r-devel-linux-x86_64-fedora-gcc, r-devel-windows-x86_64, r-patched-linux-x86_64
Version: 0.2.5
Check: installed package size
Result: NOTE
installed size is 5.5Mb
sub-directories of 1Mb or more:
libs 5.3Mb
Flavors: r-release-macos-arm64, r-release-macos-x86_64, r-oldrel-macos-arm64, r-oldrel-macos-x86_64