Last updated on 2022-08-10 05:54:59 CEST.
Flavor | Version | Tinstall | Tcheck | Ttotal | Status | Flags |
---|---|---|---|---|---|---|
r-devel-linux-x86_64-debian-clang | 2.1.6 | 501.95 | 70.23 | 572.18 | WARN | |
r-devel-linux-x86_64-debian-gcc | 2.1.6 | 441.86 | 76.93 | 518.79 | OK | |
r-devel-linux-x86_64-fedora-clang | 2.1.6 | 936.07 | WARN | |||
r-devel-linux-x86_64-fedora-gcc | 2.1.6 | 848.31 | OK | |||
r-devel-windows-x86_64 | 2.1.6 | 537.00 | 168.00 | 705.00 | OK | |
r-patched-linux-x86_64 | 2.1.6 | 470.54 | 95.56 | 566.10 | OK | |
r-release-linux-x86_64 | 2.1.6 | OK | ||||
r-release-macos-arm64 | 2.1.6 | 184.00 | NOTE | |||
r-release-macos-x86_64 | 2.1.6 | 269.00 | NOTE | |||
r-release-windows-x86_64 | 2.1.6 | 492.00 | 163.00 | 655.00 | OK | |
r-oldrel-macos-arm64 | 2.1.6 | 274.00 | NOTE | |||
r-oldrel-macos-x86_64 | 2.1.6 | 265.00 | NOTE | |||
r-oldrel-windows-ix86+x86_64 | 2.1.6 | 1369.00 | 209.00 | 1578.00 | OK |
Version: 2.1.6
Check: whether package can be installed
Result: WARN
Found the following significant warnings:
ClusteringInputHandling.cpp:61:12: warning: use of bitwise '&' with boolean operands [-Wbitwise-instead-of-logical]
ClusteringInputHandling.cpp:72:12: warning: use of bitwise '&' with boolean operands [-Wbitwise-instead-of-logical]
Flavors: r-devel-linux-x86_64-debian-clang, r-devel-linux-x86_64-fedora-clang
Version: 2.1.6
Check: installed package size
Result: NOTE
installed size is 32.5Mb
sub-directories of 1Mb or more:
libs 31.6Mb
Flavors: r-devel-linux-x86_64-fedora-clang, r-release-macos-arm64, r-release-macos-x86_64, r-oldrel-macos-arm64, r-oldrel-macos-x86_64