CRAN Package Check Results for Package Rmpi

Last updated on 2022-01-25 00:50:00 CET.

Flavor Version Tinstall Tcheck Ttotal Status Flags
r-devel-linux-x86_64-debian-clang 0.6-9.2 8.52 46.59 55.11 OK
r-devel-linux-x86_64-debian-gcc 0.6-9.2 6.51 37.26 43.77 OK
r-devel-linux-x86_64-fedora-clang 0.6-9.2 72.35 OK
r-devel-linux-x86_64-fedora-gcc 0.6-9.2 60.66 OK
r-devel-windows-x86_64-new-UL 0.6-9.2 393.00 77.00 470.00 OK
r-devel-windows-x86_64-new-TK 0.6-9.2 OK
r-patched-linux-x86_64 0.6-9.2 9.19 45.01 54.20 OK
r-release-linux-x86_64 0.6-9.2 8.07 44.92 52.99 OK
r-release-macos-arm64 0.6-9.2 ERROR
r-release-macos-x86_64 0.6-9.2 ERROR
r-release-windows-ix86+x86_64 0.6-9.2 15.00 49.00 64.00 OK
r-oldrel-macos-x86_64 0.6-9.2 ERROR
r-oldrel-windows-ix86+x86_64 0.6-9.2 18.00 44.00 62.00 OK

Check Details

Version: 0.6-9.2
Check: whether package can be installed
Result: ERROR
    Installation failed.
Flavors: r-release-macos-arm64, r-release-macos-x86_64, r-oldrel-macos-x86_64