CRAN Package Check Results for Package RobLoxBioC

Last updated on 2020-06-01 13:49:47 CEST.

Flavor Version Tinstall Tcheck Ttotal Status Flags
r-devel-linux-x86_64-debian-clang 1.2.0 28.94 257.27 286.21 OK
r-devel-linux-x86_64-debian-gcc 1.2.0 26.80 196.87 223.67 OK
r-devel-linux-x86_64-fedora-clang 1.2.0 355.28 OK
r-devel-linux-x86_64-fedora-gcc 1.2.0 349.33 OK
r-devel-windows-ix86+x86_64 1.2.0 80.00 251.00 331.00 OK
r-patched-linux-x86_64 1.2.0 27.91 247.56 275.47 OK
r-patched-solaris-x86 1.2.0 520.80 NOTE
r-release-linux-x86_64 1.2.0 29.03 250.09 279.12 OK
r-release-osx-x86_64 1.2.0 NOTE
r-release-windows-ix86+x86_64 1.2.0 52.00 313.00 365.00 OK
r-oldrel-osx-x86_64 1.2.0 ERROR
r-oldrel-windows-ix86+x86_64 1.2.0 57.00 229.00 286.00 OK

Check Details

Version: 1.2.0
Check: package dependencies
Result: NOTE
    Packages suggested but not available for checking:
     'affydata', 'hgu95av2cdf', 'illuminaHumanv3.db'
Flavor: r-patched-solaris-x86

Version: 1.2.0
Check: package dependencies
Result: NOTE
    Packages suggested but not available for checking:
     'affydata', 'hgu95av2cdf', 'beadarrayExampleData',
     'illuminaHumanv3.db'
Flavors: r-release-osx-x86_64, r-oldrel-osx-x86_64

Version: 1.2.0
Check: whether package can be installed
Result: ERROR
    Installation failed.
Flavor: r-oldrel-osx-x86_64