CRAN Package Check Results for Package RobMixReg

Last updated on 2022-01-19 04:48:35 CET.

Flavor Version Tinstall Tcheck Ttotal Status Flags
r-devel-linux-x86_64-debian-clang 1.1.0 10.60 100.10 110.70 OK
r-devel-linux-x86_64-debian-gcc 1.1.0 10.05 76.62 86.67 OK
r-devel-linux-x86_64-fedora-clang 1.1.0 136.05 NOTE
r-devel-linux-x86_64-fedora-gcc 1.1.0 122.41 NOTE
r-devel-windows-x86_64-new-UL 1.1.0 80.00 111.00 191.00 OK
r-devel-windows-x86_64-new-TK 1.1.0 NOTE
r-patched-linux-x86_64 1.1.0 9.86 96.23 106.09 OK
r-release-linux-x86_64 1.1.0 OK
r-release-macos-arm64 1.1.0 NOTE
r-release-macos-x86_64 1.1.0 NOTE
r-release-windows-ix86+x86_64 1.1.0 25.00 112.00 137.00 OK
r-oldrel-macos-x86_64 1.1.0 NOTE
r-oldrel-windows-ix86+x86_64 1.1.0 25.00 113.00 138.00 OK

Check Details

Version: 1.1.0
Check: dependencies in R code
Result: NOTE
    Namespace in Imports field not imported from: ‘glmnet’
     All declared Imports should be used.
Flavors: r-devel-linux-x86_64-fedora-clang, r-devel-linux-x86_64-fedora-gcc, r-devel-windows-x86_64-new-TK, r-release-macos-arm64, r-release-macos-x86_64, r-oldrel-macos-x86_64