CRAN Package Check Results for Package Rprofet

Last updated on 2022-10-01 18:54:24 CEST.

Flavor Version Tinstall Tcheck Ttotal Status Flags
r-devel-linux-x86_64-debian-clang 2.2.1 7.75 94.45 102.20 NOTE
r-devel-linux-x86_64-debian-gcc 2.2.1 5.92 67.98 73.90 NOTE
r-devel-linux-x86_64-fedora-clang 2.2.1 137.91 NOTE
r-devel-linux-x86_64-fedora-gcc 2.2.1 130.52 NOTE
r-devel-windows-x86_64 2.2.1 16.00 112.00 128.00 NOTE
r-patched-linux-x86_64 2.2.1 6.29 87.49 93.78 NOTE
r-release-linux-x86_64 2.2.1 6.46 88.07 94.53 NOTE
r-release-macos-arm64 2.2.1 34.00 NOTE
r-release-macos-x86_64 2.2.1 67.00 NOTE
r-release-windows-x86_64 2.2.1 14.00 162.00 176.00 NOTE
r-oldrel-macos-arm64 2.2.1 53.00 NOTE
r-oldrel-macos-x86_64 2.2.1 56.00 NOTE
r-oldrel-windows-ix86+x86_64 2.2.1 19.00 111.00 130.00 NOTE

Check Details

Version: 2.2.1
Check: LazyData
Result: NOTE
     'LazyData' is specified without a 'data' directory
Flavors: r-devel-linux-x86_64-debian-clang, r-devel-linux-x86_64-debian-gcc, r-devel-linux-x86_64-fedora-clang, r-devel-linux-x86_64-fedora-gcc, r-devel-windows-x86_64, r-patched-linux-x86_64, r-release-linux-x86_64, r-release-macos-arm64, r-release-macos-x86_64, r-release-windows-x86_64, r-oldrel-macos-arm64, r-oldrel-macos-x86_64, r-oldrel-windows-ix86+x86_64