CRAN Package Check Results for Package Rsmlx

Last updated on 2020-02-27 20:48:38 CET.

Flavor Version Tinstall Tcheck Ttotal Status Flags
r-devel-linux-x86_64-debian-clang 2.0.2 9.00 65.36 74.36 OK
r-devel-linux-x86_64-debian-gcc 2.0.2 9.31 50.04 59.35 OK
r-devel-linux-x86_64-fedora-clang 2.0.2 88.46 NOTE
r-devel-linux-x86_64-fedora-gcc 2.0.2 86.18 NOTE
r-devel-windows-ix86+x86_64 2.0.2 18.00 77.00 95.00 OK
r-devel-windows-ix86+x86_64-gcc8 2.0.2 19.00 80.00 99.00 OK
r-patched-linux-x86_64 2.0.2 8.14 58.01 66.15 OK
r-patched-solaris-x86 2.0.2 108.70 NOTE
r-release-linux-x86_64 2.0.2 7.71 57.71 65.42 OK
r-release-windows-ix86+x86_64 2.0.2 14.00 67.00 81.00 OK
r-release-osx-x86_64 2.0.2 NOTE
r-oldrel-windows-ix86+x86_64 2.0.2 10.00 72.00 82.00 OK
r-oldrel-osx-x86_64 2.0.2 NOTE

Check Details

Version: 2.0.2
Check: dependencies in R code
Result: NOTE
    Namespaces in Imports field not imported from:
     ‘methods’ ‘tcltk’ ‘tools’
     All declared Imports should be used.
Flavors: r-devel-linux-x86_64-fedora-clang, r-devel-linux-x86_64-fedora-gcc, r-patched-solaris-x86, r-release-osx-x86_64, r-oldrel-osx-x86_64